Last updated on 2022-08-15 08:49:56 CEST.
Flavor | Version | Tinstall | Tcheck | Ttotal | Status | Flags |
---|---|---|---|---|---|---|
r-devel-linux-x86_64-debian-clang | 1.2.0 | 9.00 | 90.14 | 99.14 | NOTE | |
r-devel-linux-x86_64-debian-gcc | 1.2.0 | 7.36 | 65.85 | 73.21 | NOTE | |
r-devel-linux-x86_64-fedora-clang | 1.2.0 | 130.00 | NOTE | |||
r-devel-linux-x86_64-fedora-gcc | 1.2.0 | 127.06 | NOTE | |||
r-devel-windows-x86_64 | 1.2.0 | 22.00 | 105.00 | 127.00 | NOTE | |
r-patched-linux-x86_64 | 1.2.0 | 8.75 | 82.15 | 90.90 | OK | |
r-release-linux-x86_64 | 1.2.0 | 8.89 | 83.20 | 92.09 | OK | |
r-release-macos-arm64 | 1.2.0 | 33.00 | OK | |||
r-release-macos-x86_64 | 1.2.0 | 65.00 | OK | |||
r-release-windows-x86_64 | 1.2.0 | 16.00 | 106.00 | 122.00 | OK | |
r-oldrel-macos-arm64 | 1.2.0 | 41.00 | OK | |||
r-oldrel-macos-x86_64 | 1.2.0 | 72.00 | OK | |||
r-oldrel-windows-ix86+x86_64 | 1.2.0 | 22.00 | 105.00 | 127.00 | OK |
Version: 1.2.0
Check: package subdirectories
Result: NOTE
Problems with news in 'NEWS.md':
No news entries found.
Flavors: r-devel-linux-x86_64-debian-clang, r-devel-linux-x86_64-debian-gcc, r-devel-linux-x86_64-fedora-clang, r-devel-linux-x86_64-fedora-gcc, r-devel-windows-x86_64