Last updated on 2022-08-15 08:49:56 CEST.
Flavor | Version | Tinstall | Tcheck | Ttotal | Status | Flags |
---|---|---|---|---|---|---|
r-devel-linux-x86_64-debian-clang | 1.0.2 | 45.64 | 30.60 | 76.24 | OK | |
r-devel-linux-x86_64-debian-gcc | 1.0.2 | 36.26 | 23.59 | 59.85 | OK | |
r-devel-linux-x86_64-fedora-clang | 1.0.2 | 116.85 | NOTE | |||
r-devel-linux-x86_64-fedora-gcc | 1.0.2 | 112.57 | NOTE | |||
r-devel-windows-x86_64 | 1.0.2 | 41.00 | 74.00 | 115.00 | OK | |
r-patched-linux-x86_64 | 1.0.2 | 40.69 | 29.56 | 70.25 | OK | |
r-release-linux-x86_64 | 1.0.2 | 35.92 | 29.97 | 65.89 | OK | |
r-release-macos-arm64 | 1.0.2 | 33.00 | OK | |||
r-release-macos-x86_64 | 1.0.2 | 44.00 | OK | |||
r-release-windows-x86_64 | 1.0.2 | 46.00 | 80.00 | 126.00 | OK | |
r-oldrel-macos-arm64 | 1.0.2 | 36.00 | NOTE | |||
r-oldrel-macos-x86_64 | 1.0.2 | 61.00 | OK | |||
r-oldrel-windows-ix86+x86_64 | 1.0.2 | 108.00 | 76.00 | 184.00 | OK |
Version: 1.0.2
Check: compiled code
Result: NOTE
File ‘GEEaSPU/libs/GEEaSPU.so’:
Found no calls to: ‘R_registerRoutines’, ‘R_useDynamicSymbols’
It is good practice to register native routines and to disable symbol
search.
See ‘Writing portable packages’ in the ‘Writing R Extensions’ manual.
Flavors: r-devel-linux-x86_64-fedora-clang, r-devel-linux-x86_64-fedora-gcc
Version: 1.0.2
Check: installed package size
Result: NOTE
installed size is 5.1Mb
sub-directories of 1Mb or more:
libs 5.0Mb
Flavor: r-oldrel-macos-arm64