Last updated on 2022-08-15 08:49:56 CEST.
Flavor | Version | Tinstall | Tcheck | Ttotal | Status | Flags |
---|---|---|---|---|---|---|
r-devel-linux-x86_64-debian-clang | 1.5.1 | 7.45 | 70.32 | 77.77 | NOTE | |
r-devel-linux-x86_64-debian-gcc | 1.5.1 | 6.54 | 54.21 | 60.75 | NOTE | |
r-devel-linux-x86_64-fedora-clang | 1.5.1 | 108.09 | NOTE | |||
r-devel-linux-x86_64-fedora-gcc | 1.5.1 | 107.03 | NOTE | |||
r-devel-windows-x86_64 | 1.5.1 | 134.00 | 95.00 | 229.00 | NOTE | |
r-patched-linux-x86_64 | 1.5.1 | 7.93 | 69.43 | 77.36 | NOTE | |
r-release-linux-x86_64 | 1.5.1 | 8.01 | 69.11 | 77.12 | NOTE | |
r-release-macos-arm64 | 1.5.1 | 59.00 | NOTE | |||
r-release-macos-x86_64 | 1.5.1 | 64.00 | NOTE | |||
r-release-windows-x86_64 | 1.5.1 | 49.00 | 95.00 | 144.00 | NOTE | |
r-oldrel-macos-arm64 | 1.5.1 | 52.00 | NOTE | |||
r-oldrel-macos-x86_64 | 1.5.1 | 61.00 | NOTE | |||
r-oldrel-windows-ix86+x86_64 | 1.5.1 | 21.00 | 88.00 | 109.00 | NOTE |
Version: 1.5.1
Check: LazyData
Result: NOTE
'LazyData' is specified without a 'data' directory
Flavors: r-devel-linux-x86_64-debian-clang, r-devel-linux-x86_64-debian-gcc, r-devel-linux-x86_64-fedora-clang, r-devel-linux-x86_64-fedora-gcc, r-devel-windows-x86_64, r-patched-linux-x86_64, r-release-linux-x86_64, r-release-macos-arm64, r-release-macos-x86_64, r-release-windows-x86_64, r-oldrel-macos-arm64, r-oldrel-macos-x86_64, r-oldrel-windows-ix86+x86_64