Last updated on 2022-08-15 08:49:57 CEST.
Flavor | Version | Tinstall | Tcheck | Ttotal | Status | Flags |
---|---|---|---|---|---|---|
r-devel-linux-x86_64-debian-clang | 0.1 | 48.46 | 26.52 | 74.98 | OK | |
r-devel-linux-x86_64-debian-gcc | 0.1 | 38.82 | 21.49 | 60.31 | OK | |
r-devel-linux-x86_64-fedora-clang | 0.1 | 123.00 | OK | |||
r-devel-linux-x86_64-fedora-gcc | 0.1 | 114.62 | OK | |||
r-devel-windows-x86_64 | 0.1 | 51.00 | 67.00 | 118.00 | OK | |
r-patched-linux-x86_64 | 0.1 | 40.65 | 26.85 | 67.50 | OK | |
r-release-linux-x86_64 | 0.1 | 46.09 | 27.49 | 73.58 | OK | |
r-release-macos-arm64 | 0.1 | 31.00 | NOTE | |||
r-release-macos-x86_64 | 0.1 | 40.00 | NOTE | |||
r-release-windows-x86_64 | 0.1 | 53.00 | 72.00 | 125.00 | OK | |
r-oldrel-macos-arm64 | 0.1 | 37.00 | NOTE | |||
r-oldrel-macos-x86_64 | 0.1 | 62.00 | NOTE | |||
r-oldrel-windows-ix86+x86_64 | 0.1 | 125.00 | 89.00 | 214.00 | OK |
Version: 0.1
Check: installed package size
Result: NOTE
installed size is 8.6Mb
sub-directories of 1Mb or more:
libs 8.5Mb
Flavors: r-release-macos-arm64, r-release-macos-x86_64, r-oldrel-macos-arm64, r-oldrel-macos-x86_64