Last updated on 2022-08-15 08:49:57 CEST.
Flavor | Version | Tinstall | Tcheck | Ttotal | Status | Flags |
---|---|---|---|---|---|---|
r-devel-linux-x86_64-debian-clang | 0.1.3 | 6.80 | 71.16 | 77.96 | OK | |
r-devel-linux-x86_64-debian-gcc | 0.1.3 | 5.60 | 51.42 | 57.02 | OK | |
r-devel-linux-x86_64-fedora-clang | 0.1.3 | 104.72 | NOTE | |||
r-devel-linux-x86_64-fedora-gcc | 0.1.3 | 101.16 | OK | |||
r-devel-windows-x86_64 | 0.1.3 | 36.00 | 94.00 | 130.00 | OK | |
r-patched-linux-x86_64 | 0.1.3 | 4.97 | 64.84 | 69.81 | OK | |
r-release-linux-x86_64 | 0.1.3 | 4.95 | 66.39 | 71.34 | OK | |
r-release-macos-arm64 | 0.1.3 | 30.00 | OK | |||
r-release-macos-x86_64 | 0.1.3 | 55.00 | OK | |||
r-release-windows-x86_64 | 0.1.3 | 21.00 | 93.00 | 114.00 | OK | |
r-oldrel-macos-arm64 | 0.1.3 | 25.00 | OK | |||
r-oldrel-macos-x86_64 | 0.1.3 | 37.00 | OK | |||
r-oldrel-windows-ix86+x86_64 | 0.1.3 | 18.00 | 89.00 | 107.00 | OK |
Version: 0.1.3
Check: Rd cross-references
Result: NOTE
Undeclared package ‘gge’ in Rd xrefs
Flavor: r-devel-linux-x86_64-fedora-clang