Last updated on 2022-08-15 08:49:57 CEST.
Flavor | Version | Tinstall | Tcheck | Ttotal | Status | Flags |
---|---|---|---|---|---|---|
r-devel-linux-x86_64-debian-clang | 1.0.0 | 11.53 | 130.60 | 142.13 | NOTE | |
r-devel-linux-x86_64-debian-gcc | 1.0.0 | 10.93 | 97.66 | 108.59 | NOTE | |
r-devel-linux-x86_64-fedora-clang | 1.0.0 | 180.67 | NOTE | |||
r-devel-linux-x86_64-fedora-gcc | 1.0.0 | 179.40 | NOTE | |||
r-devel-windows-x86_64 | 1.0.0 | 52.00 | 166.00 | 218.00 | NOTE | |
r-patched-linux-x86_64 | 1.0.0 | 12.85 | 122.93 | 135.78 | OK | |
r-release-linux-x86_64 | 1.0.0 | 8.73 | 120.48 | 129.21 | OK | |
r-release-macos-arm64 | 1.0.0 | 49.00 | NOTE | |||
r-release-macos-x86_64 | 1.0.0 | 85.00 | NOTE | |||
r-release-windows-x86_64 | 1.0.0 | 48.00 | 163.00 | 211.00 | OK | |
r-oldrel-macos-arm64 | 1.0.0 | 53.00 | NOTE | |||
r-oldrel-macos-x86_64 | 1.0.0 | 104.00 | NOTE | |||
r-oldrel-windows-ix86+x86_64 | 1.0.0 | 32.00 | 140.00 | 172.00 | OK |
Version: 1.0.0
Check: Rd files
Result: NOTE
checkRd: (-1) constrained.Rd:37: Escaped LaTeX specials: \&
Flavors: r-devel-linux-x86_64-debian-clang, r-devel-linux-x86_64-debian-gcc, r-devel-linux-x86_64-fedora-clang, r-devel-linux-x86_64-fedora-gcc, r-devel-windows-x86_64
Version: 1.0.0
Check: dependencies in R code
Result: NOTE
Namespaces in Imports field not imported from:
‘Matrix’ ‘Rdpack’
All declared Imports should be used.
Flavors: r-devel-linux-x86_64-fedora-clang, r-devel-linux-x86_64-fedora-gcc, r-release-macos-arm64, r-release-macos-x86_64, r-oldrel-macos-arm64, r-oldrel-macos-x86_64