Last updated on 2022-08-15 08:49:57 CEST.
Flavor | Version | Tinstall | Tcheck | Ttotal | Status | Flags |
---|---|---|---|---|---|---|
r-devel-linux-x86_64-debian-clang | 1.6 | 13.24 | 123.52 | 136.76 | OK | |
r-devel-linux-x86_64-debian-gcc | 1.6 | 9.90 | 91.95 | 101.85 | OK | |
r-devel-linux-x86_64-fedora-clang | 1.6 | 176.75 | NOTE | |||
r-devel-linux-x86_64-fedora-gcc | 1.6 | 177.81 | OK | |||
r-devel-windows-x86_64 | 1.6 | 18.00 | 137.00 | 155.00 | OK | |
r-patched-linux-x86_64 | 1.6 | 11.13 | 114.89 | 126.02 | OK | |
r-release-linux-x86_64 | 1.6 | 14.74 | 117.33 | 132.07 | OK | |
r-release-macos-arm64 | 1.6 | 42.00 | OK | |||
r-release-macos-x86_64 | 1.6 | 81.00 | OK | |||
r-release-windows-x86_64 | 1.6 | 20.00 | 136.00 | 156.00 | OK | |
r-oldrel-macos-arm64 | 1.6 | 50.00 | OK | |||
r-oldrel-macos-x86_64 | 1.6 | 90.00 | OK | |||
r-oldrel-windows-ix86+x86_64 | 1.6 | 36.00 | 137.00 | 173.00 | OK |
Version: 1.6
Check: Rd cross-references
Result: NOTE
Undeclared package ‘caret’ in Rd xrefs
Flavor: r-devel-linux-x86_64-fedora-clang