Last updated on 2022-08-15 08:49:57 CEST.
Flavor | Version | Tinstall | Tcheck | Ttotal | Status | Flags |
---|---|---|---|---|---|---|
r-devel-linux-x86_64-debian-clang | 1.1.5 | 168.61 | 64.53 | 233.14 | NOTE | |
r-devel-linux-x86_64-debian-gcc | 1.1.5 | 139.22 | 49.54 | 188.76 | NOTE | |
r-devel-linux-x86_64-fedora-clang | 1.1.5 | 337.26 | NOTE | |||
r-devel-linux-x86_64-fedora-gcc | 1.1.5 | 347.21 | NOTE | |||
r-devel-windows-x86_64 | 1.1.5 | 153.00 | 111.00 | 264.00 | NOTE | |
r-patched-linux-x86_64 | 1.1.5 | 153.70 | 64.36 | 218.06 | NOTE | |
r-release-linux-x86_64 | 1.1.5 | 154.85 | 64.12 | 218.97 | NOTE | |
r-release-macos-arm64 | 1.1.5 | 91.00 | NOTE | |||
r-release-macos-x86_64 | 1.1.5 | 114.00 | NOTE | |||
r-release-windows-x86_64 | 1.1.5 | 136.00 | 110.00 | 246.00 | NOTE | |
r-oldrel-macos-arm64 | 1.1.5 | 103.00 | NOTE | |||
r-oldrel-macos-x86_64 | 1.1.5 | 114.00 | NOTE | |||
r-oldrel-windows-ix86+x86_64 | 1.1.5 | 399.00 | 154.00 | 553.00 | NOTE |
Version: 1.1.5
Check: for GNU extensions in Makefiles
Result: NOTE
GNU make is a SystemRequirements.
Flavors: r-devel-linux-x86_64-debian-clang, r-devel-linux-x86_64-debian-gcc, r-devel-linux-x86_64-fedora-clang, r-devel-linux-x86_64-fedora-gcc, r-devel-windows-x86_64, r-patched-linux-x86_64, r-release-linux-x86_64, r-release-macos-arm64, r-release-macos-x86_64, r-release-windows-x86_64, r-oldrel-macos-arm64, r-oldrel-macos-x86_64, r-oldrel-windows-ix86+x86_64
Version: 1.1.5
Check: installed package size
Result: NOTE
installed size is 9.6Mb
sub-directories of 1Mb or more:
libs 9.5Mb
Flavors: r-release-macos-arm64, r-release-macos-x86_64, r-oldrel-macos-arm64, r-oldrel-macos-x86_64