Last updated on 2022-08-15 08:49:57 CEST.
Flavor | Version | Tinstall | Tcheck | Ttotal | Status | Flags |
---|---|---|---|---|---|---|
r-devel-linux-x86_64-debian-clang | 1.1.3 | 13.34 | 82.99 | 96.33 | OK | |
r-devel-linux-x86_64-debian-gcc | 1.1.3 | 10.22 | 61.37 | 71.59 | OK | |
r-devel-linux-x86_64-fedora-clang | 1.1.3 | 130.00 | NOTE | |||
r-devel-linux-x86_64-fedora-gcc | 1.1.3 | 132.17 | OK | |||
r-devel-windows-x86_64 | 1.1.3 | 30.00 | 96.00 | 126.00 | OK | |
r-patched-linux-x86_64 | 1.1.3 | 11.75 | 80.17 | 91.92 | OK | |
r-release-linux-x86_64 | 1.1.3 | 12.58 | 80.00 | 92.58 | OK | |
r-release-macos-arm64 | 1.1.3 | 31.00 | OK | |||
r-release-macos-x86_64 | 1.1.3 | 44.00 | OK | |||
r-release-windows-x86_64 | 1.1.3 | 23.00 | 96.00 | 119.00 | OK | |
r-oldrel-macos-arm64 | 1.1.3 | 38.00 | OK | |||
r-oldrel-macos-x86_64 | 1.1.3 | 63.00 | OK | |||
r-oldrel-windows-ix86+x86_64 | 1.1.3 | 25.00 | 87.00 | 112.00 | OK |
Version: 1.1.3
Check: Rd cross-references
Result: NOTE
Undeclared package ‘glmmLasso’ in Rd xrefs
Flavor: r-devel-linux-x86_64-fedora-clang