Last updated on 2022-08-15 08:49:57 CEST.
Flavor | Version | Tinstall | Tcheck | Ttotal | Status | Flags |
---|---|---|---|---|---|---|
r-devel-linux-x86_64-debian-clang | 0.3.4 | 4.55 | 67.57 | 72.12 | OK | |
r-devel-linux-x86_64-debian-gcc | 0.3.4 | 4.33 | 54.35 | 58.68 | OK | |
r-devel-linux-x86_64-fedora-clang | 0.3.4 | 97.74 | NOTE | |||
r-devel-linux-x86_64-fedora-gcc | 0.3.4 | 99.73 | NOTE | |||
r-devel-windows-x86_64 | 0.3.4 | 17.00 | 109.00 | 126.00 | OK | |
r-patched-linux-x86_64 | 0.3.4 | 5.45 | 67.43 | 72.88 | OK | |
r-release-linux-x86_64 | 0.3.4 | 5.07 | 68.42 | 73.49 | OK | |
r-release-macos-arm64 | 0.3.4 | 59.00 | NOTE | |||
r-release-macos-x86_64 | 0.3.4 | 69.00 | NOTE | |||
r-release-windows-x86_64 | 0.3.4 | 14.00 | 123.00 | 137.00 | OK | |
r-oldrel-macos-arm64 | 0.3.4 | 70.00 | NOTE | |||
r-oldrel-macos-x86_64 | 0.3.4 | 66.00 | NOTE | |||
r-oldrel-windows-ix86+x86_64 | 0.3.4 | 8.00 | 105.00 | 113.00 | OK |
Version: 0.3.4
Check: data for non-ASCII characters
Result: NOTE
Note: found 3 marked UTF-8 strings
Flavors: r-devel-linux-x86_64-fedora-clang, r-devel-linux-x86_64-fedora-gcc, r-release-macos-arm64, r-release-macos-x86_64, r-oldrel-macos-arm64, r-oldrel-macos-x86_64