Last updated on 2022-08-15 08:49:57 CEST.
Flavor | Version | Tinstall | Tcheck | Ttotal | Status | Flags |
---|---|---|---|---|---|---|
r-devel-linux-x86_64-debian-clang | 1.0.1 | 16.57 | 128.95 | 145.52 | OK | |
r-devel-linux-x86_64-debian-gcc | 1.0.1 | 13.09 | 95.11 | 108.20 | OK | |
r-devel-linux-x86_64-fedora-clang | 1.0.1 | 185.17 | NOTE | |||
r-devel-linux-x86_64-fedora-gcc | 1.0.1 | 191.43 | NOTE | |||
r-devel-windows-x86_64 | 1.0.1 | 48.00 | 165.00 | 213.00 | OK | |
r-patched-linux-x86_64 | 1.0.1 | 14.26 | 122.85 | 137.11 | OK | |
r-release-linux-x86_64 | 1.0.1 | 14.53 | 121.05 | 135.58 | OK | |
r-release-macos-arm64 | 1.0.1 | 58.00 | NOTE | |||
r-release-macos-x86_64 | 1.0.1 | 88.00 | NOTE | |||
r-release-windows-x86_64 | 1.0.1 | 25.00 | 168.00 | 193.00 | OK | |
r-oldrel-macos-arm64 | 1.0.1 | 56.00 | NOTE | |||
r-oldrel-macos-x86_64 | 1.0.1 | 79.00 | NOTE | |||
r-oldrel-windows-ix86+x86_64 | 1.0.1 | 39.00 | 167.00 | 206.00 | OK |
Version: 1.0.1
Check: dependencies in R code
Result: NOTE
Namespaces in Imports field not imported from:
‘base’ ‘methods’
All declared Imports should be used.
Flavors: r-devel-linux-x86_64-fedora-clang, r-devel-linux-x86_64-fedora-gcc, r-release-macos-arm64, r-release-macos-x86_64, r-oldrel-macos-arm64, r-oldrel-macos-x86_64