Last updated on 2022-08-15 08:49:57 CEST.
Flavor | Version | Tinstall | Tcheck | Ttotal | Status | Flags |
---|---|---|---|---|---|---|
r-devel-linux-x86_64-debian-clang | 0.1.0-4 | 217.31 | 47.93 | 265.24 | OK | |
r-devel-linux-x86_64-debian-gcc | 0.1.0-4 | 181.78 | 38.70 | 220.48 | OK | |
r-devel-linux-x86_64-fedora-clang | 0.1.0-4 | 327.20 | OK | |||
r-devel-linux-x86_64-fedora-gcc | 0.1.0-4 | 371.00 | OK | |||
r-devel-windows-x86_64 | 0.1.0-4 | 125.00 | 95.00 | 220.00 | OK | |
r-patched-linux-x86_64 | 0.1.0-4 | 162.39 | 46.44 | 208.83 | OK | |
r-release-linux-x86_64 | 0.1.0-4 | 176.00 | 46.90 | 222.90 | OK | |
r-release-macos-arm64 | 0.1.0-4 | 87.00 | NOTE | |||
r-release-macos-x86_64 | 0.1.0-4 | 110.00 | NOTE | |||
r-release-windows-x86_64 | 0.1.0-4 | 141.00 | 100.00 | 241.00 | OK | |
r-oldrel-macos-arm64 | 0.1.0-4 | 78.00 | NOTE | |||
r-oldrel-macos-x86_64 | 0.1.0-4 | 106.00 | NOTE | |||
r-oldrel-windows-ix86+x86_64 | 0.1.0-4 | 370.00 | 99.00 | 469.00 | OK |
Version: 0.1.0-4
Check: installed package size
Result: NOTE
installed size is 30.1Mb
sub-directories of 1Mb or more:
libs 29.6Mb
Flavors: r-release-macos-arm64, r-release-macos-x86_64, r-oldrel-macos-arm64, r-oldrel-macos-x86_64