Last updated on 2022-08-15 08:49:57 CEST.
Flavor | Version | Tinstall | Tcheck | Ttotal | Status | Flags |
---|---|---|---|---|---|---|
r-devel-linux-x86_64-debian-clang | 1.0 | 7.60 | 100.54 | 108.14 | NOTE | |
r-devel-linux-x86_64-debian-gcc | 1.0 | 6.27 | 73.22 | 79.49 | NOTE | |
r-devel-linux-x86_64-fedora-clang | 1.0 | 137.50 | NOTE | |||
r-devel-linux-x86_64-fedora-gcc | 1.0 | 140.82 | NOTE | |||
r-devel-windows-x86_64 | 1.0 | 44.00 | 131.00 | 175.00 | NOTE | |
r-patched-linux-x86_64 | 1.0 | 7.16 | 95.95 | 103.11 | OK | |
r-release-linux-x86_64 | 1.0 | 7.73 | 94.41 | 102.14 | OK | |
r-release-macos-arm64 | 1.0 | 37.00 | OK | |||
r-release-macos-x86_64 | 1.0 | 51.00 | OK | |||
r-release-windows-x86_64 | 1.0 | 28.00 | 134.00 | 162.00 | OK | |
r-oldrel-macos-arm64 | 1.0 | 43.00 | OK | |||
r-oldrel-macos-x86_64 | 1.0 | 74.00 | OK | |||
r-oldrel-windows-ix86+x86_64 | 1.0 | 16.00 | 132.00 | 148.00 | OK |
Version: 1.0
Check: Rd files
Result: NOTE
checkRd: (-1) GPoM.FDLyapu-package.Rd:36: Escaped LaTeX specials: \&
checkRd: (-1) Plague.Rd:29: Escaped LaTeX specials: \&
checkRd: (-1) lyapFDGrond.Rd:66: Escaped LaTeX specials: \&
checkRd: (-1) lyapFDGrond.Rd:68: Escaped LaTeX specials: \&
checkRd: (-1) lyapFDGrond.Rd:69: Escaped LaTeX specials: \&
Flavors: r-devel-linux-x86_64-debian-clang, r-devel-linux-x86_64-debian-gcc, r-devel-linux-x86_64-fedora-clang, r-devel-linux-x86_64-fedora-gcc, r-devel-windows-x86_64