Last updated on 2022-08-15 08:49:57 CEST.
Flavor | Version | Tinstall | Tcheck | Ttotal | Status | Flags |
---|---|---|---|---|---|---|
r-devel-linux-x86_64-debian-clang | 1.3 | 8.03 | 768.63 | 776.66 | OK | |
r-devel-linux-x86_64-debian-gcc | 1.3 | 8.70 | 509.38 | 518.08 | OK | |
r-devel-linux-x86_64-fedora-clang | 1.3 | 870.55 | NOTE | |||
r-devel-linux-x86_64-fedora-gcc | 1.3 | 898.87 | OK | |||
r-devel-windows-x86_64 | 1.3 | 34.00 | 172.00 | 206.00 | NOTE | --no-vignettes |
r-patched-linux-x86_64 | 1.3 | 9.30 | 721.79 | 731.09 | OK | |
r-release-linux-x86_64 | 1.3 | 10.11 | 720.24 | 730.35 | OK | |
r-release-macos-arm64 | 1.3 | 213.00 | NOTE | |||
r-release-macos-x86_64 | 1.3 | 239.00 | NOTE | |||
r-release-windows-x86_64 | 1.3 | 31.00 | 172.00 | 203.00 | NOTE | --no-vignettes |
r-oldrel-macos-arm64 | 1.3 | 186.00 | NOTE | |||
r-oldrel-macos-x86_64 | 1.3 | 295.00 | NOTE | |||
r-oldrel-windows-ix86+x86_64 | 1.3 | 20.00 | 175.00 | 195.00 | NOTE | --no-vignettes |
Version: 1.3
Check: installed package size
Result: NOTE
installed size is 5.5Mb
sub-directories of 1Mb or more:
data 1.6Mb
doc 3.5Mb
Flavors: r-devel-linux-x86_64-fedora-clang, r-release-macos-arm64, r-release-macos-x86_64, r-oldrel-macos-arm64, r-oldrel-macos-x86_64
Version: 1.3
Flags: --no-vignettes
Check: installed package size
Result: NOTE
installed size is 5.5Mb
sub-directories of 1Mb or more:
data 1.6Mb
doc 3.5Mb
Flavors: r-devel-windows-x86_64, r-release-windows-x86_64, r-oldrel-windows-ix86+x86_64