Last updated on 2022-08-15 08:49:57 CEST.
Flavor | Version | Tinstall | Tcheck | Ttotal | Status | Flags |
---|---|---|---|---|---|---|
r-devel-linux-x86_64-debian-clang | 0.1.3 | 138.42 | 80.21 | 218.63 | WARN | |
r-devel-linux-x86_64-debian-gcc | 0.1.3 | 106.12 | 52.31 | 158.43 | OK | |
r-devel-linux-x86_64-fedora-clang | 0.1.3 | 310.34 | WARN | |||
r-devel-linux-x86_64-fedora-gcc | 0.1.3 | 286.35 | OK | |||
r-devel-windows-x86_64 | 0.1.3 | 159.00 | 113.00 | 272.00 | OK | |
r-patched-linux-x86_64 | 0.1.3 | 119.24 | 65.15 | 184.39 | OK | |
r-release-linux-x86_64 | 0.1.3 | 116.60 | 65.75 | 182.35 | OK | |
r-release-macos-arm64 | 0.1.3 | 72.00 | NOTE | |||
r-release-macos-x86_64 | 0.1.3 | 205.00 | NOTE | |||
r-release-windows-x86_64 | 0.1.3 | 136.00 | 119.00 | 255.00 | OK | |
r-oldrel-macos-arm64 | 0.1.3 | 82.00 | NOTE | |||
r-oldrel-macos-x86_64 | 0.1.3 | 130.00 | NOTE | |||
r-oldrel-windows-ix86+x86_64 | 0.1.3 | 336.00 | 122.00 | 458.00 | OK |
Version: 0.1.3
Check: whether package can be installed
Result: WARN
Found the following significant warnings:
U_NZentries.cpp:27:7: warning: use of bitwise '&' with boolean operands [-Wbitwise-instead-of-logical]
Flavors: r-devel-linux-x86_64-debian-clang, r-devel-linux-x86_64-fedora-clang
Version: 0.1.3
Check: installed package size
Result: NOTE
installed size is 6.0Mb
sub-directories of 1Mb or more:
libs 5.6Mb
Flavors: r-release-macos-arm64, r-release-macos-x86_64, r-oldrel-macos-arm64, r-oldrel-macos-x86_64