Last updated on 2022-08-15 08:49:57 CEST.
Flavor | Version | Tinstall | Tcheck | Ttotal | Status | Flags |
---|---|---|---|---|---|---|
r-devel-linux-x86_64-debian-clang | 2.6.20 | 12.54 | 96.18 | 108.72 | NOTE | |
r-devel-linux-x86_64-debian-gcc | 2.6.20 | 9.88 | 72.20 | 82.08 | NOTE | |
r-devel-linux-x86_64-fedora-clang | 2.6.20 | 138.22 | NOTE | |||
r-devel-linux-x86_64-fedora-gcc | 2.6.20 | 139.50 | NOTE | |||
r-devel-windows-x86_64 | 2.6.20 | 63.00 | 118.00 | 181.00 | NOTE | |
r-patched-linux-x86_64 | 2.6.20 | 13.39 | 228.36 | 241.75 | OK | |
r-release-linux-x86_64 | 2.6.20 | 11.50 | 222.16 | 233.66 | OK | |
r-release-macos-arm64 | 2.6.20 | 139.00 | OK | |||
r-release-macos-x86_64 | 2.6.20 | 227.00 | OK | |||
r-release-windows-x86_64 | 2.6.20 | 59.00 | 212.00 | 271.00 | OK | |
r-oldrel-macos-arm64 | 2.6.20 | 165.00 | NOTE | |||
r-oldrel-macos-x86_64 | 2.6.20 | 208.00 | OK | |||
r-oldrel-windows-ix86+x86_64 | 2.6.20 | 24.00 | 209.00 | 233.00 | OK |
Version: 2.6.20
Check: package subdirectories
Result: NOTE
Problems with news in 'NEWS.md':
No news entries found.
Flavors: r-devel-linux-x86_64-debian-clang, r-devel-linux-x86_64-debian-gcc, r-devel-linux-x86_64-fedora-clang, r-devel-linux-x86_64-fedora-gcc, r-devel-windows-x86_64
Version: 2.6.20
Check: package dependencies
Result: NOTE
Package suggested but not available for checking: ‘hexSticker’
Flavor: r-oldrel-macos-arm64