Last updated on 2022-08-15 08:49:57 CEST.
Flavor | Version | Tinstall | Tcheck | Ttotal | Status | Flags |
---|---|---|---|---|---|---|
r-devel-linux-x86_64-debian-clang | 0.2.0 | 15.51 | 175.37 | 190.88 | OK | |
r-devel-linux-x86_64-debian-gcc | 0.2.0 | 9.43 | 121.59 | 131.02 | OK | |
r-devel-linux-x86_64-fedora-clang | 0.2.0 | 227.84 | NOTE | |||
r-devel-linux-x86_64-fedora-gcc | 0.2.0 | 229.96 | NOTE | |||
r-devel-windows-x86_64 | 0.2.0 | 27.00 | 259.00 | 286.00 | OK | |
r-patched-linux-x86_64 | 0.2.0 | 13.86 | 160.57 | 174.43 | OK | |
r-release-linux-x86_64 | 0.2.0 | 8.76 | 161.99 | 170.75 | OK | |
r-release-macos-arm64 | 0.2.0 | 54.00 | NOTE | |||
r-release-macos-x86_64 | 0.2.0 | 85.00 | NOTE | |||
r-release-windows-x86_64 | 0.2.0 | 28.00 | 262.00 | 290.00 | OK | |
r-oldrel-macos-arm64 | 0.2.0 | 65.00 | NOTE | |||
r-oldrel-macos-x86_64 | 0.2.0 | 119.00 | NOTE | |||
r-oldrel-windows-ix86+x86_64 | 0.2.0 | 25.00 | 332.00 | 357.00 | OK |
Version: 0.2.0
Check: dependencies in R code
Result: NOTE
Namespace in Imports field not imported from: ‘mclust’
All declared Imports should be used.
Flavors: r-devel-linux-x86_64-fedora-clang, r-devel-linux-x86_64-fedora-gcc, r-release-macos-arm64, r-release-macos-x86_64, r-oldrel-macos-arm64, r-oldrel-macos-x86_64