Last updated on 2022-08-15 08:49:57 CEST.
Flavor | Version | Tinstall | Tcheck | Ttotal | Status | Flags |
---|---|---|---|---|---|---|
r-devel-linux-x86_64-debian-clang | 1.3 | 3.80 | 47.00 | 50.80 | NOTE | |
r-devel-linux-x86_64-debian-gcc | 1.3 | 3.26 | 33.90 | 37.16 | NOTE | |
r-devel-linux-x86_64-fedora-clang | 1.3 | 70.49 | NOTE | |||
r-devel-linux-x86_64-fedora-gcc | 1.3 | 69.69 | NOTE | |||
r-devel-windows-x86_64 | 1.3 | 13.00 | 65.00 | 78.00 | NOTE | |
r-patched-linux-x86_64 | 1.3 | 3.80 | 44.28 | 48.08 | NOTE | |
r-release-linux-x86_64 | 1.3 | 3.07 | 43.65 | 46.72 | NOTE | |
r-release-macos-arm64 | 1.3 | 22.00 | OK | |||
r-release-macos-x86_64 | 1.3 | 28.00 | OK | |||
r-release-windows-x86_64 | 1.3 | 7.00 | 64.00 | 71.00 | OK | |
r-oldrel-macos-arm64 | 1.3 | 21.00 | OK | |||
r-oldrel-macos-x86_64 | 1.3 | 39.00 | OK | |||
r-oldrel-windows-ix86+x86_64 | 1.3 | 7.00 | 58.00 | 65.00 | OK |
Version: 1.3
Check: Rd files
Result: NOTE
checkRd: (-1) fmddisc.Rd:23: Escaped LaTeX specials: \_
checkRd: (-1) schuster.Rd:46: Escaped LaTeX specials: \_
checkRd: (-1) schuster.Rd:54: Escaped LaTeX specials: \&
Flavors: r-devel-linux-x86_64-debian-clang, r-devel-linux-x86_64-debian-gcc, r-devel-linux-x86_64-fedora-clang, r-devel-linux-x86_64-fedora-gcc, r-devel-windows-x86_64
Version: 1.3
Check: for non-standard things in the check directory
Result: NOTE
Found the following files/directories:
'FMD mag discontinuities_disc.png' 'FMD mag
discontinuities_disc1.res' 'FMD mag discontinuities_disc2.res'
'IDYLLWILD_bvmed.png' 'IDYLLWILD_fig.png' 'Schuster's
diagram_schu.png' 'hour.res'
Flavors: r-devel-linux-x86_64-debian-clang, r-devel-linux-x86_64-debian-gcc, r-devel-linux-x86_64-fedora-clang, r-devel-linux-x86_64-fedora-gcc, r-patched-linux-x86_64, r-release-linux-x86_64