Last updated on 2022-08-15 08:49:57 CEST.
Flavor | Version | Tinstall | Tcheck | Ttotal | Status | Flags |
---|---|---|---|---|---|---|
r-devel-linux-x86_64-debian-clang | 2.0.1 | 5.16 | 57.82 | 62.98 | NOTE | |
r-devel-linux-x86_64-debian-gcc | 2.0.1 | 4.30 | 44.88 | 49.18 | NOTE | |
r-devel-linux-x86_64-fedora-clang | 2.0.1 | 87.83 | NOTE | |||
r-devel-linux-x86_64-fedora-gcc | 2.0.1 | 86.50 | NOTE | |||
r-devel-windows-x86_64 | 2.0.1 | 20.00 | 79.00 | 99.00 | OK | |
r-patched-linux-x86_64 | 2.0.1 | 4.72 | 56.23 | 60.95 | NOTE | |
r-release-linux-x86_64 | 2.0.1 | 4.78 | 56.99 | 61.77 | NOTE | |
r-release-macos-arm64 | 2.0.1 | 33.00 | OK | |||
r-release-macos-x86_64 | 2.0.1 | 51.00 | OK | |||
r-release-windows-x86_64 | 2.0.1 | 19.00 | 81.00 | 100.00 | OK | |
r-oldrel-macos-arm64 | 2.0.1 | 41.00 | OK | |||
r-oldrel-macos-x86_64 | 2.0.1 | 74.00 | OK | |||
r-oldrel-windows-ix86+x86_64 | 2.0.1 | 13.00 | 80.00 | 93.00 | OK |
Version: 2.0.1
Check: for non-standard things in the check directory
Result: NOTE
Found the following files/directories:
'RRprof.out'
Flavors: r-devel-linux-x86_64-debian-clang, r-devel-linux-x86_64-debian-gcc, r-devel-linux-x86_64-fedora-clang, r-devel-linux-x86_64-fedora-gcc, r-patched-linux-x86_64, r-release-linux-x86_64