Last updated on 2022-08-15 08:49:57 CEST.
Flavor | Version | Tinstall | Tcheck | Ttotal | Status | Flags |
---|---|---|---|---|---|---|
r-devel-linux-x86_64-debian-clang | 1.6 | 33.18 | 205.08 | 238.26 | OK | |
r-devel-linux-x86_64-debian-gcc | 1.6 | 24.11 | 146.49 | 170.60 | OK | |
r-devel-linux-x86_64-fedora-clang | 1.6 | 296.42 | NOTE | |||
r-devel-linux-x86_64-fedora-gcc | 1.6 | 311.07 | OK | |||
r-devel-windows-x86_64 | 1.6 | 50.00 | 239.00 | 289.00 | OK | |
r-patched-linux-x86_64 | 1.6 | 31.69 | 191.37 | 223.06 | OK | |
r-release-linux-x86_64 | 1.6 | 28.89 | 193.34 | 222.23 | OK | |
r-release-macos-arm64 | 1.6 | 98.00 | OK | |||
r-release-macos-x86_64 | 1.6 | 108.00 | OK | |||
r-release-windows-x86_64 | 1.6 | 43.00 | 244.00 | 287.00 | OK | |
r-oldrel-macos-arm64 | 1.6 | 76.00 | OK | |||
r-oldrel-macos-x86_64 | 1.6 | 105.00 | OK | |||
r-oldrel-windows-ix86+x86_64 | 1.6 | 75.00 | 287.00 | 362.00 | OK |
Version: 1.6
Check: Rd cross-references
Result: NOTE
Undeclared package ‘permute’ in Rd xrefs
Flavor: r-devel-linux-x86_64-fedora-clang