Last updated on 2022-08-15 08:49:58 CEST.
Flavor | Version | Tinstall | Tcheck | Ttotal | Status | Flags |
---|---|---|---|---|---|---|
r-devel-linux-x86_64-debian-clang | 1.0.2 | 6.03 | 43.07 | 49.10 | OK | |
r-devel-linux-x86_64-debian-gcc | 1.0.2 | 4.86 | 32.69 | 37.55 | OK | |
r-devel-linux-x86_64-fedora-clang | 1.0.2 | 70.45 | NOTE | |||
r-devel-linux-x86_64-fedora-gcc | 1.0.2 | 69.26 | NOTE | |||
r-devel-windows-x86_64 | 1.0.2 | 33.00 | 84.00 | 117.00 | OK | |
r-patched-linux-x86_64 | 1.0.2 | 6.01 | 41.07 | 47.08 | OK | |
r-release-linux-x86_64 | 1.0.2 | 5.61 | 40.57 | 46.18 | OK | |
r-release-macos-arm64 | 1.0.2 | 26.00 | OK | |||
r-release-macos-x86_64 | 1.0.2 | 45.00 | OK | |||
r-release-windows-x86_64 | 1.0.2 | 17.00 | 84.00 | 101.00 | OK | |
r-oldrel-macos-arm64 | 1.0.2 | 36.00 | OK | |||
r-oldrel-macos-x86_64 | 1.0.2 | 41.00 | OK | |||
r-oldrel-windows-ix86+x86_64 | 1.0.2 | 20.00 | 95.00 | 115.00 | OK |
Version: 1.0.2
Check: compiled code
Result: NOTE
File ‘GWEX/libs/GWEX.so’:
Found no calls to: ‘R_registerRoutines’, ‘R_useDynamicSymbols’
It is good practice to register native routines and to disable symbol
search.
See ‘Writing portable packages’ in the ‘Writing R Extensions’ manual.
Flavors: r-devel-linux-x86_64-fedora-clang, r-devel-linux-x86_64-fedora-gcc