Last updated on 2022-08-15 08:49:56 CEST.
Flavor | Version | Tinstall | Tcheck | Ttotal | Status | Flags |
---|---|---|---|---|---|---|
r-devel-linux-x86_64-debian-clang | 1.2 | 2.17 | 27.15 | 29.32 | OK | |
r-devel-linux-x86_64-debian-gcc | 1.2 | 1.75 | 20.84 | 22.59 | OK | |
r-devel-linux-x86_64-fedora-clang | 1.2 | 46.62 | NOTE | |||
r-devel-linux-x86_64-fedora-gcc | 1.2 | 47.64 | OK | |||
r-devel-windows-x86_64 | 1.2 | 13.00 | 56.00 | 69.00 | OK | |
r-patched-linux-x86_64 | 1.2 | 2.23 | 26.28 | 28.51 | OK | |
r-release-linux-x86_64 | 1.2 | 1.62 | 26.54 | 28.16 | OK | |
r-release-macos-arm64 | 1.2 | 26.00 | OK | |||
r-release-macos-x86_64 | 1.2 | 36.00 | OK | |||
r-release-windows-x86_64 | 1.2 | 33.00 | 75.00 | 108.00 | OK | |
r-oldrel-macos-arm64 | 1.2 | 25.00 | OK | |||
r-oldrel-macos-x86_64 | 1.2 | 37.00 | OK | |||
r-oldrel-windows-ix86+x86_64 | 1.2 | 5.00 | 46.00 | 51.00 | OK |
Version: 1.2
Check: Rd cross-references
Result: NOTE
Undeclared package ‘poibin’ in Rd xrefs
Flavor: r-devel-linux-x86_64-fedora-clang