Last updated on 2022-08-15 08:49:56 CEST.
Flavor | Version | Tinstall | Tcheck | Ttotal | Status | Flags |
---|---|---|---|---|---|---|
r-devel-linux-x86_64-debian-clang | 0.8-4 | 9.88 | 106.43 | 116.31 | NOTE | |
r-devel-linux-x86_64-debian-gcc | 0.8-4 | 8.15 | 77.49 | 85.64 | NOTE | |
r-devel-linux-x86_64-fedora-clang | 0.8-4 | 146.26 | NOTE | |||
r-devel-linux-x86_64-fedora-gcc | 0.8-4 | 154.25 | NOTE | |||
r-devel-windows-x86_64 | 0.8-4 | 252.00 | 125.00 | 377.00 | NOTE | |
r-patched-linux-x86_64 | 0.8-4 | 14.98 | 103.05 | 118.03 | OK | |
r-release-linux-x86_64 | 0.8-4 | 10.41 | 101.63 | 112.04 | OK | |
r-release-macos-arm64 | 0.8-4 | 43.00 | OK | |||
r-release-macos-x86_64 | 0.8-4 | 56.00 | OK | |||
r-release-windows-x86_64 | 0.8-4 | 277.00 | 121.00 | 398.00 | OK | |
r-oldrel-macos-arm64 | 0.8-4 | 43.00 | OK | |||
r-oldrel-macos-x86_64 | 0.8-4 | 80.00 | OK | |||
r-oldrel-windows-ix86+x86_64 | 0.8-4 | 17.00 | 125.00 | 142.00 | OK |
Version: 0.8-4
Check: Rd files
Result: NOTE
checkRd: (-1) SandP500.Rd:4: Escaped LaTeX specials: \&
Flavors: r-devel-linux-x86_64-debian-clang, r-devel-linux-x86_64-debian-gcc, r-devel-linux-x86_64-fedora-clang, r-devel-linux-x86_64-fedora-gcc, r-devel-windows-x86_64