Last updated on 2022-08-15 08:49:56 CEST.
Flavor | Version | Tinstall | Tcheck | Ttotal | Status | Flags |
---|---|---|---|---|---|---|
r-devel-linux-x86_64-debian-clang | 0.5-2 | 40.63 | 125.50 | 166.13 | OK | |
r-devel-linux-x86_64-debian-gcc | 0.5-2 | 32.93 | 94.08 | 127.01 | OK | |
r-devel-linux-x86_64-fedora-clang | 0.5-2 | 219.03 | OK | |||
r-devel-linux-x86_64-fedora-gcc | 0.5-2 | 224.99 | OK | |||
r-devel-windows-x86_64 | 0.5-2 | 138.00 | 165.00 | 303.00 | OK | |
r-patched-linux-x86_64 | 0.5-2 | 40.40 | 122.84 | 163.24 | OK | |
r-release-linux-x86_64 | 0.5-2 | 34.28 | 123.37 | 157.65 | OK | |
r-release-macos-arm64 | 0.5-2 | 56.00 | OK | |||
r-release-macos-x86_64 | 0.5-2 | 78.00 | NOTE | |||
r-release-windows-x86_64 | 0.5-2 | 180.00 | 167.00 | 347.00 | OK | |
r-oldrel-macos-arm64 | 0.5-2 | 46.00 | OK | |||
r-oldrel-macos-x86_64 | 0.5-2 | 83.00 | NOTE | |||
r-oldrel-windows-ix86+x86_64 | 0.5-2 | 98.00 | 218.00 | 316.00 | OK |
Version: 0.5-2
Check: installed package size
Result: NOTE
installed size is 5.2Mb
sub-directories of 1Mb or more:
doc 1.4Mb
libs 3.6Mb
Flavors: r-release-macos-x86_64, r-oldrel-macos-x86_64