Last updated on 2022-08-15 08:49:57 CEST.
Flavor | Version | Tinstall | Tcheck | Ttotal | Status | Flags |
---|---|---|---|---|---|---|
r-devel-linux-x86_64-debian-clang | 2.0 | 41.74 | 91.09 | 132.83 | WARN | |
r-devel-linux-x86_64-debian-gcc | 2.0 | 33.72 | 65.33 | 99.05 | OK | |
r-devel-linux-x86_64-fedora-clang | 2.0 | 180.19 | WARN | |||
r-devel-linux-x86_64-fedora-gcc | 2.0 | 178.08 | NOTE | |||
r-devel-windows-x86_64 | 2.0 | 62.00 | 126.00 | 188.00 | OK | |
r-patched-linux-x86_64 | 2.0 | 34.83 | 84.90 | 119.73 | OK | |
r-release-linux-x86_64 | 2.0 | 26.70 | 84.09 | 110.79 | OK | |
r-release-macos-arm64 | 2.0 | 45.00 | NOTE | |||
r-release-macos-x86_64 | 2.0 | 71.00 | NOTE | |||
r-release-windows-x86_64 | 2.0 | 71.00 | 124.00 | 195.00 | OK | |
r-oldrel-macos-arm64 | 2.0 | 49.00 | NOTE | |||
r-oldrel-macos-x86_64 | 2.0 | 69.00 | NOTE | |||
r-oldrel-windows-ix86+x86_64 | 2.0 | 106.00 | 145.00 | 251.00 | OK |
Version: 2.0
Check: whether package can be installed
Result: WARN
Found the following significant warnings:
MatingPrograms.cpp:31:8: warning: use of bitwise '&' with boolean operands [-Wbitwise-instead-of-logical]
MatingPrograms.cpp:36:8: warning: use of bitwise '&' with boolean operands [-Wbitwise-instead-of-logical]
MatingPrograms.cpp:42:8: warning: use of bitwise '&' with boolean operands [-Wbitwise-instead-of-logical]
MatingPrograms.cpp:47:8: warning: use of bitwise '&' with boolean operands [-Wbitwise-instead-of-logical]
MatingPrograms.cpp:52:8: warning: use of bitwise '&' with boolean operands [-Wbitwise-instead-of-logical]
MatingPrograms.cpp:57:8: warning: use of bitwise '&' with boolean operands [-Wbitwise-instead-of-logical]
MatingPrograms.cpp:62:8: warning: use of bitwise '&' with boolean operands [-Wbitwise-instead-of-logical]
MatingPrograms.cpp:67:8: warning: use of bitwise '&' with boolean operands [-Wbitwise-instead-of-logical]
MatingPrograms.cpp:72:8: warning: use of bitwise '&' with boolean operands [-Wbitwise-instead-of-logical]
Flavors: r-devel-linux-x86_64-debian-clang, r-devel-linux-x86_64-fedora-clang
Version: 2.0
Check: dependencies in R code
Result: NOTE
Namespace in Imports field not imported from: ‘dplyr’
All declared Imports should be used.
Flavors: r-devel-linux-x86_64-fedora-clang, r-devel-linux-x86_64-fedora-gcc, r-release-macos-arm64, r-release-macos-x86_64, r-oldrel-macos-arm64, r-oldrel-macos-x86_64