Last updated on 2022-08-15 08:49:57 CEST.
Flavor | Version | Tinstall | Tcheck | Ttotal | Status | Flags |
---|---|---|---|---|---|---|
r-devel-linux-x86_64-debian-clang | 0.1.0 | 5.10 | 55.04 | 60.14 | OK | |
r-devel-linux-x86_64-debian-gcc | 0.1.0 | 3.48 | 41.54 | 45.02 | OK | |
r-devel-linux-x86_64-fedora-clang | 0.1.0 | 83.23 | NOTE | |||
r-devel-linux-x86_64-fedora-gcc | 0.1.0 | 85.78 | NOTE | |||
r-devel-windows-x86_64 | 0.1.0 | 35.00 | 79.00 | 114.00 | OK | |
r-patched-linux-x86_64 | 0.1.0 | 5.89 | 53.81 | 59.70 | OK | |
r-release-linux-x86_64 | 0.1.0 | 4.64 | 53.01 | 57.65 | OK | |
r-release-macos-arm64 | 0.1.0 | 25.00 | NOTE | |||
r-release-macos-x86_64 | 0.1.0 | 42.00 | NOTE | |||
r-release-windows-x86_64 | 0.1.0 | 27.00 | 84.00 | 111.00 | OK | |
r-oldrel-macos-arm64 | 0.1.0 | 30.00 | NOTE | |||
r-oldrel-macos-x86_64 | 0.1.0 | 36.00 | NOTE | |||
r-oldrel-windows-ix86+x86_64 | 0.1.0 | 11.00 | 75.00 | 86.00 | OK |
Version: 0.1.0
Check: dependencies in R code
Result: NOTE
Namespace in Imports field not imported from: ‘velociraptr’
All declared Imports should be used.
Flavors: r-devel-linux-x86_64-fedora-clang, r-devel-linux-x86_64-fedora-gcc, r-release-macos-arm64, r-release-macos-x86_64, r-oldrel-macos-arm64, r-oldrel-macos-x86_64