Last updated on 2022-08-15 08:49:57 CEST.
Flavor | Version | Tinstall | Tcheck | Ttotal | Status | Flags |
---|---|---|---|---|---|---|
r-devel-linux-x86_64-debian-clang | 1.1.0 | 26.43 | 133.86 | 160.29 | OK | |
r-devel-linux-x86_64-debian-gcc | 1.1.1 | 22.08 | 98.08 | 120.16 | OK | |
r-devel-linux-x86_64-fedora-clang | 1.1.1 | 205.06 | OK | |||
r-devel-linux-x86_64-fedora-gcc | 1.1.1 | 212.38 | OK | |||
r-devel-windows-x86_64 | 1.1.1 | 78.00 | 157.00 | 235.00 | OK | |
r-patched-linux-x86_64 | 1.1.1 | 24.88 | 126.26 | 151.14 | OK | |
r-release-linux-x86_64 | 1.1.1 | 23.12 | 125.46 | 148.58 | OK | |
r-release-macos-arm64 | 1.1.1 | 6.00 | ERROR | |||
r-release-macos-x86_64 | 1.1.1 | 9.00 | ERROR | |||
r-release-windows-x86_64 | 1.1.1 | 217.00 | 183.00 | 400.00 | OK | |
r-oldrel-macos-arm64 | 1.1.1 | 10.00 | ERROR | |||
r-oldrel-macos-x86_64 | 1.1.1 | 10.00 | ERROR | |||
r-oldrel-windows-ix86+x86_64 | 1.1.1 | 47.00 | 146.00 | 193.00 | OK |
Version: 1.1.1
Check: package dependencies
Result: ERROR
Package required but not available: ‘topconfects’
Package suggested but not available for checking: ‘NOISeq’
See section ‘The DESCRIPTION file’ in the ‘Writing R Extensions’
manual.
Flavor: r-release-macos-arm64
Version: 1.1.1
Check: package dependencies
Result: ERROR
Packages required but not available: 'cqn', 'topconfects'
Packages suggested but not available for checking: 'dearseq', 'NOISeq'
See section ‘The DESCRIPTION file’ in the ‘Writing R Extensions’
manual.
Flavors: r-release-macos-x86_64, r-oldrel-macos-x86_64
Version: 1.1.1
Check: package dependencies
Result: ERROR
Packages required but not available: 'cqn', 'topconfects'
Packages suggested but not available for checking:
'ChAMP', 'dearseq', 'NOISeq'
See section ‘The DESCRIPTION file’ in the ‘Writing R Extensions’
manual.
Flavor: r-oldrel-macos-arm64