Last updated on 2022-08-15 08:49:57 CEST.
Flavor | Version | Tinstall | Tcheck | Ttotal | Status | Flags |
---|---|---|---|---|---|---|
r-devel-linux-x86_64-debian-clang | 0.1.0 | 33.37 | 38.87 | 72.24 | NOTE | |
r-devel-linux-x86_64-debian-gcc | 0.1.0 | 26.32 | 29.90 | 56.22 | NOTE | |
r-devel-linux-x86_64-fedora-clang | 0.1.0 | 110.38 | NOTE | |||
r-devel-linux-x86_64-fedora-gcc | 0.1.0 | 106.34 | NOTE | |||
r-devel-windows-x86_64 | 0.1.0 | 59.00 | 80.00 | 139.00 | NOTE | |
r-patched-linux-x86_64 | 0.1.0 | 29.63 | 37.46 | 67.09 | NOTE | |
r-release-linux-x86_64 | 0.1.0 | 25.67 | 37.93 | 63.60 | NOTE | |
r-release-macos-arm64 | 0.1.0 | 31.00 | NOTE | |||
r-release-macos-x86_64 | 0.1.0 | 46.00 | NOTE | |||
r-release-windows-x86_64 | 0.1.0 | 37.00 | 82.00 | 119.00 | NOTE | |
r-oldrel-macos-arm64 | 0.1.0 | 32.00 | NOTE | |||
r-oldrel-macos-x86_64 | 0.1.0 | 47.00 | NOTE | |||
r-oldrel-windows-ix86+x86_64 | 0.1.0 | 73.00 | 85.00 | 158.00 | NOTE |
Version: 0.1.0
Check: LazyData
Result: NOTE
'LazyData' is specified without a 'data' directory
Flavors: r-devel-linux-x86_64-debian-clang, r-devel-linux-x86_64-debian-gcc, r-devel-linux-x86_64-fedora-clang, r-devel-linux-x86_64-fedora-gcc, r-devel-windows-x86_64, r-patched-linux-x86_64, r-release-linux-x86_64, r-release-macos-arm64, r-release-macos-x86_64, r-release-windows-x86_64, r-oldrel-macos-arm64, r-oldrel-macos-x86_64, r-oldrel-windows-ix86+x86_64
Version: 0.1.0
Check: HTML version of manual
Result: NOTE
Found the following math rendering problems:
ConfidenceInterval.Rd:25: Undefined control sequence: \boldmath in ...athcal{D}} =\{(\boldmath{x}_i,y_i)\}
KdCor.Rd:27-31: Undefined control sequence: \label in ...}(Y,Y')\right].\label{dCovkk}
\end...
KdCov.Rd:22-26: Undefined control sequence: \label in ...prime})\right].\label{dCovkk}
\e...
KdCov.Rd:28-32: Undefined control sequence: \label in \label{setdiff}
\...
KdCov.Rd:36: Undefined control sequence: \label in ...rime}) \right].\label{dCovk}
KgCor.Rd:24-26: Undefined control sequence: \label in ..._\kappa(X,X')}.\label{gCork}
KgCov.Rd:24-26: Undefined control sequence: \label in ...a(X,X')\right],\label{gCovk}
Flavors: r-devel-linux-x86_64-debian-clang, r-devel-linux-x86_64-debian-gcc, r-devel-linux-x86_64-fedora-clang, r-devel-linux-x86_64-fedora-gcc