Last updated on 2022-08-15 08:49:57 CEST.
Flavor | Version | Tinstall | Tcheck | Ttotal | Status | Flags |
---|---|---|---|---|---|---|
r-devel-linux-x86_64-debian-clang | 1.2 | 16.98 | 116.96 | 133.94 | NOTE | |
r-devel-linux-x86_64-debian-gcc | 1.2 | 12.33 | 87.30 | 99.63 | NOTE | |
r-devel-linux-x86_64-fedora-clang | 1.2 | 171.48 | NOTE | |||
r-devel-linux-x86_64-fedora-gcc | 1.2 | 171.92 | NOTE | |||
r-devel-windows-x86_64 | 1.2 | 26.00 | 130.00 | 156.00 | NOTE | |
r-patched-linux-x86_64 | 1.2 | 19.03 | 112.16 | 131.19 | NOTE | |
r-release-linux-x86_64 | 1.2 | 19.98 | 114.44 | 134.42 | NOTE | |
r-release-macos-arm64 | 1.2 | 45.00 | NOTE | |||
r-release-macos-x86_64 | 1.2 | 63.00 | NOTE | |||
r-release-windows-x86_64 | 1.2 | 27.00 | 134.00 | 161.00 | NOTE | |
r-oldrel-macos-arm64 | 1.2 | 55.00 | NOTE | |||
r-oldrel-macos-x86_64 | 1.2 | 97.00 | NOTE | |||
r-oldrel-windows-ix86+x86_64 | 1.2 | 34.00 | 130.00 | 164.00 | NOTE |
Version: 1.2
Check: package dependencies
Result: NOTE
Package suggested but not available for checking: 'cplexAPI'
Flavors: r-devel-linux-x86_64-debian-clang, r-devel-linux-x86_64-debian-gcc, r-devel-linux-x86_64-fedora-clang, r-devel-linux-x86_64-fedora-gcc, r-devel-windows-x86_64, r-patched-linux-x86_64, r-release-linux-x86_64, r-release-macos-arm64, r-release-macos-x86_64, r-release-windows-x86_64, r-oldrel-macos-arm64, r-oldrel-macos-x86_64, r-oldrel-windows-ix86+x86_64