Last updated on 2022-08-15 08:49:57 CEST.
Flavor | Version | Tinstall | Tcheck | Ttotal | Status | Flags |
---|---|---|---|---|---|---|
r-devel-linux-x86_64-debian-clang | 0.1.0 | 2.16 | 20.93 | 23.09 | NOTE | |
r-devel-linux-x86_64-debian-gcc | 0.1.0 | 1.64 | 16.03 | 17.67 | NOTE | |
r-devel-linux-x86_64-fedora-clang | 0.1.0 | 38.74 | NOTE | |||
r-devel-linux-x86_64-fedora-gcc | 0.1.0 | 38.25 | NOTE | |||
r-devel-windows-x86_64 | 0.1.0 | 17.00 | 44.00 | 61.00 | NOTE | |
r-patched-linux-x86_64 | 0.1.0 | 1.83 | 20.18 | 22.01 | NOTE | |
r-release-linux-x86_64 | 0.1.0 | 1.38 | 20.69 | 22.07 | NOTE | |
r-release-macos-arm64 | 0.1.0 | 15.00 | NOTE | |||
r-release-macos-x86_64 | 0.1.0 | 18.00 | NOTE | |||
r-release-windows-x86_64 | 0.1.0 | 13.00 | 46.00 | 59.00 | NOTE | |
r-oldrel-macos-arm64 | 0.1.0 | 21.00 | NOTE | |||
r-oldrel-macos-x86_64 | 0.1.0 | 26.00 | NOTE | |||
r-oldrel-windows-ix86+x86_64 | 0.1.0 | 5.00 | 38.00 | 43.00 | NOTE |
Version: 0.1.0
Check: LazyData
Result: NOTE
'LazyData' is specified without a 'data' directory
Flavors: r-devel-linux-x86_64-debian-clang, r-devel-linux-x86_64-debian-gcc, r-devel-linux-x86_64-fedora-clang, r-devel-linux-x86_64-fedora-gcc, r-devel-windows-x86_64, r-patched-linux-x86_64, r-release-linux-x86_64, r-release-macos-arm64, r-release-macos-x86_64, r-release-windows-x86_64, r-oldrel-macos-arm64, r-oldrel-macos-x86_64, r-oldrel-windows-ix86+x86_64