Last updated on 2022-08-15 08:49:57 CEST.
Flavor | Version | Tinstall | Tcheck | Ttotal | Status | Flags |
---|---|---|---|---|---|---|
r-devel-linux-x86_64-debian-clang | 0.5.3 | 7.54 | 79.96 | 87.50 | NOTE | |
r-devel-linux-x86_64-debian-gcc | 0.5.3 | 6.91 | 60.84 | 67.75 | NOTE | |
r-devel-linux-x86_64-fedora-clang | 0.5.3 | 114.74 | NOTE | |||
r-devel-linux-x86_64-fedora-gcc | 0.5.3 | 116.50 | NOTE | |||
r-devel-windows-x86_64 | 0.5.3 | 10.00 | 116.00 | 126.00 | NOTE | |
r-patched-linux-x86_64 | 0.5.3 | 9.14 | 76.47 | 85.61 | NOTE | |
r-release-linux-x86_64 | 0.5.3 | 6.91 | 76.96 | 83.87 | NOTE | |
r-release-macos-arm64 | 0.5.3 | 33.00 | NOTE | |||
r-release-macos-x86_64 | 0.5.3 | 48.00 | NOTE | |||
r-release-windows-x86_64 | 0.5.3 | 15.00 | 113.00 | 128.00 | NOTE | |
r-oldrel-macos-arm64 | 0.5.3 | 41.00 | NOTE | |||
r-oldrel-macos-x86_64 | 0.5.3 | 49.00 | NOTE | |||
r-oldrel-windows-ix86+x86_64 | 0.5.3 | 19.00 | 98.00 | 117.00 | NOTE |
Version: 0.5.3
Check: LazyData
Result: NOTE
'LazyData' is specified without a 'data' directory
Flavors: r-devel-linux-x86_64-debian-clang, r-devel-linux-x86_64-debian-gcc, r-devel-linux-x86_64-fedora-clang, r-devel-linux-x86_64-fedora-gcc, r-devel-windows-x86_64, r-patched-linux-x86_64, r-release-linux-x86_64, r-release-macos-arm64, r-release-macos-x86_64, r-release-windows-x86_64, r-oldrel-macos-arm64, r-oldrel-macos-x86_64, r-oldrel-windows-ix86+x86_64