Last updated on 2022-08-15 08:49:57 CEST.
Flavor | Version | Tinstall | Tcheck | Ttotal | Status | Flags |
---|---|---|---|---|---|---|
r-devel-linux-x86_64-debian-clang | 1.1.1 | 5.87 | 43.47 | 49.34 | NOTE | |
r-devel-linux-x86_64-debian-gcc | 1.1.1 | 4.72 | 33.02 | 37.74 | NOTE | |
r-devel-linux-x86_64-fedora-clang | 1.1.1 | 70.02 | NOTE | |||
r-devel-linux-x86_64-fedora-gcc | 1.1.1 | 69.16 | NOTE | |||
r-devel-windows-x86_64 | 1.1.1 | 15.00 | 64.00 | 79.00 | NOTE | |
r-patched-linux-x86_64 | 1.1.1 | 6.26 | 41.08 | 47.34 | OK | |
r-release-linux-x86_64 | 1.1.1 | 5.48 | 41.12 | 46.60 | OK | |
r-release-macos-arm64 | 1.1.1 | 25.00 | OK | |||
r-release-macos-x86_64 | 1.1.1 | 30.00 | OK | |||
r-release-windows-x86_64 | 1.1.1 | 19.00 | 64.00 | 83.00 | OK | |
r-oldrel-macos-arm64 | 1.1.1 | 31.00 | OK | |||
r-oldrel-macos-x86_64 | 1.1.1 | 37.00 | OK | |||
r-oldrel-windows-ix86+x86_64 | 1.1.1 | 11.00 | 65.00 | 76.00 | OK |
Version: 1.1.1
Check: Rd files
Result: NOTE
checkRd: (-1) gsym.point.Rd:143: Escaped LaTeX specials: \&
Flavors: r-devel-linux-x86_64-debian-clang, r-devel-linux-x86_64-debian-gcc, r-devel-linux-x86_64-fedora-clang, r-devel-linux-x86_64-fedora-gcc, r-devel-windows-x86_64