Last updated on 2022-08-15 08:49:58 CEST.
Flavor | Version | Tinstall | Tcheck | Ttotal | Status | Flags |
---|---|---|---|---|---|---|
r-devel-linux-x86_64-debian-clang | 0.2.1 | 162.43 | 56.09 | 218.52 | WARN | |
r-devel-linux-x86_64-debian-gcc | 0.2.1 | 119.42 | 45.07 | 164.49 | OK | |
r-devel-linux-x86_64-fedora-clang | 0.2.1 | 345.30 | WARN | |||
r-devel-linux-x86_64-fedora-gcc | 0.2.1 | 294.27 | NOTE | |||
r-devel-windows-x86_64 | 0.2.1 | 157.00 | 125.00 | 282.00 | OK | |
r-patched-linux-x86_64 | 0.2.1 | 131.41 | 55.02 | 186.43 | OK | |
r-release-linux-x86_64 | 0.2.1 | 130.07 | 54.52 | 184.59 | OK | |
r-release-macos-arm64 | 0.2.1 | 72.00 | NOTE | |||
r-release-macos-x86_64 | 0.2.1 | 104.00 | NOTE | |||
r-release-windows-x86_64 | 0.2.1 | 139.00 | 131.00 | 270.00 | OK | |
r-oldrel-macos-arm64 | 0.2.1 | 83.00 | NOTE | |||
r-oldrel-macos-x86_64 | 0.2.1 | 203.00 | NOTE | |||
r-oldrel-windows-ix86+x86_64 | 0.2.1 | 376.00 | 125.00 | 501.00 | OK |
Version: 0.2.1
Check: whether package can be installed
Result: WARN
Found the following significant warnings:
Soil_HBV.cpp:226:10: warning: use of bitwise '|' with boolean operands [-Wbitwise-instead-of-logical]
Soil_HBV.cpp:312:10: warning: use of bitwise '|' with boolean operands [-Wbitwise-instead-of-logical]
Flavors: r-devel-linux-x86_64-debian-clang, r-devel-linux-x86_64-fedora-clang
Version: 0.2.1
Check: data for non-ASCII characters
Result: NOTE
Note: found 3 marked UTF-8 strings
Flavors: r-devel-linux-x86_64-fedora-clang, r-devel-linux-x86_64-fedora-gcc, r-release-macos-arm64, r-release-macos-x86_64, r-oldrel-macos-arm64, r-oldrel-macos-x86_64
Version: 0.2.1
Check: installed package size
Result: NOTE
installed size is 5.2Mb
sub-directories of 1Mb or more:
libs 3.4Mb
Flavor: r-oldrel-macos-arm64