Last updated on 2022-08-15 08:49:58 CEST.
Flavor | Version | Tinstall | Tcheck | Ttotal | Status | Flags |
---|---|---|---|---|---|---|
r-devel-linux-x86_64-debian-clang | 0.1.1 | 2.34 | 36.85 | 39.19 | NOTE | |
r-devel-linux-x86_64-debian-gcc | 0.1.1 | 2.48 | 27.84 | 30.32 | NOTE | |
r-devel-linux-x86_64-fedora-clang | 0.1.1 | 59.60 | NOTE | |||
r-devel-linux-x86_64-fedora-gcc | 0.1.1 | 58.25 | NOTE | |||
r-devel-windows-x86_64 | 0.1.1 | 9.00 | 59.00 | 68.00 | NOTE | |
r-patched-linux-x86_64 | 0.1.1 | 2.60 | 34.60 | 37.20 | NOTE | |
r-release-linux-x86_64 | 0.1.1 | 3.02 | 34.90 | 37.92 | NOTE | |
r-release-macos-arm64 | 0.1.1 | 18.00 | NOTE | |||
r-release-macos-x86_64 | 0.1.1 | 27.00 | NOTE | |||
r-release-windows-x86_64 | 0.1.1 | 10.00 | 58.00 | 68.00 | NOTE | |
r-oldrel-macos-arm64 | 0.1.1 | 21.00 | NOTE | |||
r-oldrel-macos-x86_64 | 0.1.1 | 44.00 | NOTE | |||
r-oldrel-windows-ix86+x86_64 | 0.1.1 | 6.00 | 53.00 | 59.00 | NOTE |
Version: 0.1.1
Check: LazyData
Result: NOTE
'LazyData' is specified without a 'data' directory
Flavors: r-devel-linux-x86_64-debian-clang, r-devel-linux-x86_64-debian-gcc, r-devel-linux-x86_64-fedora-clang, r-devel-linux-x86_64-fedora-gcc, r-devel-windows-x86_64, r-patched-linux-x86_64, r-release-linux-x86_64, r-release-macos-arm64, r-release-macos-x86_64, r-release-windows-x86_64, r-oldrel-macos-arm64, r-oldrel-macos-x86_64, r-oldrel-windows-ix86+x86_64