Last updated on 2022-08-15 08:49:58 CEST.
Flavor | Version | Tinstall | Tcheck | Ttotal | Status | Flags |
---|---|---|---|---|---|---|
r-devel-linux-x86_64-debian-clang | 0.94.8 | 277.87 | 108.74 | 386.61 | OK | |
r-devel-linux-x86_64-debian-gcc | 0.94.8 | 283.36 | 84.03 | 367.39 | OK | |
r-devel-linux-x86_64-fedora-clang | 0.94.8 | 573.72 | OK | |||
r-devel-linux-x86_64-fedora-gcc | 0.94.8 | 656.12 | OK | |||
r-devel-windows-x86_64 | 0.94.8 | 319.00 | 167.00 | 486.00 | OK | |
r-patched-linux-x86_64 | 0.94.8 | 308.86 | 102.84 | 411.70 | OK | |
r-release-linux-x86_64 | 0.94.8 | 317.06 | 105.66 | 422.72 | OK | |
r-release-macos-arm64 | 0.94.8 | 170.00 | NOTE | |||
r-release-macos-x86_64 | 0.94.8 | 194.00 | NOTE | |||
r-release-windows-x86_64 | 0.94.8 | 244.00 | 169.00 | 413.00 | OK | |
r-oldrel-macos-arm64 | 0.94.8 | 174.00 | NOTE | |||
r-oldrel-macos-x86_64 | 0.94.8 | 185.00 | NOTE | |||
r-oldrel-windows-ix86+x86_64 | 0.94.8 | 762.00 | 181.00 | 943.00 | OK |
Version: 0.94.8
Check: installed package size
Result: NOTE
installed size is 16.0Mb
sub-directories of 1Mb or more:
libs 15.4Mb
Flavors: r-release-macos-arm64, r-release-macos-x86_64, r-oldrel-macos-arm64, r-oldrel-macos-x86_64