Last updated on 2022-08-15 08:49:58 CEST.
Flavor | Version | Tinstall | Tcheck | Ttotal | Status | Flags |
---|---|---|---|---|---|---|
r-devel-linux-x86_64-debian-clang | 0.5 | 3.27 | 32.34 | 35.61 | NOTE | |
r-devel-linux-x86_64-debian-gcc | 0.5 | 2.52 | 24.08 | 26.60 | NOTE | |
r-devel-linux-x86_64-fedora-clang | 0.5 | 54.01 | NOTE | |||
r-devel-linux-x86_64-fedora-gcc | 0.5 | 53.80 | NOTE | |||
r-devel-windows-x86_64 | 0.5 | 15.00 | 53.00 | 68.00 | NOTE | |
r-patched-linux-x86_64 | 0.5 | 2.95 | 31.42 | 34.37 | OK | |
r-release-linux-x86_64 | 0.5 | 3.64 | 30.93 | 34.57 | OK | |
r-release-macos-arm64 | 0.5 | 21.00 | OK | |||
r-release-macos-x86_64 | 0.5 | 29.00 | OK | |||
r-release-windows-x86_64 | 0.5 | 18.00 | 65.00 | 83.00 | OK | |
r-oldrel-macos-arm64 | 0.5 | 20.00 | OK | |||
r-oldrel-macos-x86_64 | 0.5 | 30.00 | OK | |||
r-oldrel-windows-ix86+x86_64 | 0.5 | 15.00 | 71.00 | 86.00 | OK |
Version: 0.5
Check: Rd files
Result: NOTE
checkRd: (-1) trans.dens.Rd:47: Escaped LaTeX specials: \&
Flavors: r-devel-linux-x86_64-debian-clang, r-devel-linux-x86_64-debian-gcc, r-devel-linux-x86_64-fedora-clang, r-devel-linux-x86_64-fedora-gcc, r-devel-windows-x86_64