Last updated on 2022-08-15 08:49:58 CEST.
Flavor | Version | Tinstall | Tcheck | Ttotal | Status | Flags |
---|---|---|---|---|---|---|
r-devel-linux-x86_64-debian-clang | 1.2.1 | 39.09 | 245.48 | 284.57 | NOTE | |
r-devel-linux-x86_64-debian-gcc | 1.2.1 | 31.71 | 194.98 | 226.69 | NOTE | |
r-devel-linux-x86_64-fedora-clang | 1.2.1 | 350.57 | NOTE | |||
r-devel-linux-x86_64-fedora-gcc | 1.2.1 | 339.68 | NOTE | |||
r-devel-windows-x86_64 | 1.2.1 | 52.00 | 256.00 | 308.00 | OK | |
r-patched-linux-x86_64 | 1.2.1 | 43.24 | 257.02 | 300.26 | NOTE | |
r-release-linux-x86_64 | 1.2.1 | 39.01 | 254.78 | 293.79 | NOTE | |
r-release-macos-arm64 | 1.2.1 | 133.00 | NOTE | |||
r-release-macos-x86_64 | 1.2.1 | 225.00 | NOTE | |||
r-release-windows-x86_64 | 1.2.1 | 56.00 | 246.00 | 302.00 | OK | |
r-oldrel-macos-arm64 | 1.2.1 | 182.00 | NOTE | |||
r-oldrel-macos-x86_64 | 1.2.1 | 195.00 | OK | |||
r-oldrel-windows-ix86+x86_64 | 1.2.1 | 86.00 | 398.00 | 484.00 | OK |
Version: 1.2.1
Check: package dependencies
Result: NOTE
Packages suggested but not available for checking: 'RGtk2', 'cairoDevice'
Flavors: r-devel-linux-x86_64-debian-clang, r-devel-linux-x86_64-debian-gcc, r-devel-linux-x86_64-fedora-clang, r-devel-linux-x86_64-fedora-gcc, r-patched-linux-x86_64, r-release-linux-x86_64, r-release-macos-arm64, r-release-macos-x86_64, r-oldrel-macos-arm64