Last updated on 2022-08-15 08:49:58 CEST.
Flavor | Version | Tinstall | Tcheck | Ttotal | Status | Flags |
---|---|---|---|---|---|---|
r-devel-linux-x86_64-debian-clang | 0.4-3 | 104.42 | 585.30 | 689.72 | WARN | |
r-devel-linux-x86_64-debian-gcc | 0.4-3 | 76.16 | 1024.32 | 1100.48 | OK | |
r-devel-linux-x86_64-fedora-clang | 0.4-3 | 592.75 | WARN | |||
r-devel-linux-x86_64-fedora-gcc | 0.4-3 | 862.86 | OK | |||
r-devel-windows-x86_64 | 0.4-3 | 84.00 | 289.00 | 373.00 | OK | |
r-patched-linux-x86_64 | 0.4-3 | 88.49 | 875.70 | 964.19 | OK | |
r-release-linux-x86_64 | 0.4-3 | 86.29 | 875.64 | 961.93 | OK | |
r-release-macos-arm64 | 0.4-3 | 128.00 | NOTE | |||
r-release-macos-x86_64 | 0.4-3 | 153.00 | NOTE | |||
r-release-windows-x86_64 | 0.4-3 | 81.00 | 284.00 | 365.00 | OK | |
r-oldrel-macos-arm64 | 0.4-3 | 148.00 | NOTE | |||
r-oldrel-macos-x86_64 | 0.4-3 | 163.00 | NOTE | |||
r-oldrel-windows-ix86+x86_64 | 0.4-3 | 235.00 | 390.00 | 625.00 | OK |
Version: 0.4-3
Check: whether package can be installed
Result: WARN
Found the following significant warnings:
ars_demo.cpp:39:7: warning: use of bitwise '&' with boolean operands [-Wbitwise-instead-of-logical]
Flavors: r-devel-linux-x86_64-debian-clang, r-devel-linux-x86_64-fedora-clang
Version: 0.4-3
Check: installed package size
Result: NOTE
installed size is 5.8Mb
sub-directories of 1Mb or more:
doc 1.1Mb
libs 3.6Mb
Flavors: r-release-macos-arm64, r-release-macos-x86_64, r-oldrel-macos-arm64, r-oldrel-macos-x86_64