Last updated on 2022-08-15 08:49:58 CEST.
Flavor | Version | Tinstall | Tcheck | Ttotal | Status | Flags |
---|---|---|---|---|---|---|
r-devel-linux-x86_64-debian-clang | 1.4.1 | 9.74 | 207.07 | 216.81 | OK | --no-vignettes |
r-devel-linux-x86_64-debian-gcc | 1.4.1 | 7.23 | 155.51 | 162.74 | OK | --no-vignettes |
r-devel-linux-x86_64-fedora-clang | 1.4.1 | 864.62 | NOTE | |||
r-devel-linux-x86_64-fedora-gcc | 1.4.1 | 842.38 | NOTE | |||
r-devel-windows-x86_64 | 1.4.1 | 46.00 | 259.00 | 305.00 | OK | --no-vignettes |
r-patched-linux-x86_64 | 1.4.1 | 9.68 | 194.03 | 203.71 | OK | --no-vignettes |
r-release-linux-x86_64 | 1.4.1 | 8.88 | 193.90 | 202.78 | OK | --no-vignettes |
r-release-macos-arm64 | 1.4.1 | 195.00 | NOTE | |||
r-release-macos-x86_64 | 1.4.1 | 397.00 | NOTE | |||
r-release-windows-x86_64 | 1.4.1 | 32.00 | 258.00 | 290.00 | OK | --no-vignettes |
r-oldrel-macos-arm64 | 1.4.1 | 632.00 | NOTE | |||
r-oldrel-macos-x86_64 | 1.4.1 | 852.00 | NOTE | |||
r-oldrel-windows-ix86+x86_64 | 1.4.1 | 22.00 | 301.00 | 323.00 | OK | --no-vignettes |
Version: 1.4.1
Check: dependencies in R code
Result: NOTE
Namespace in Imports field not imported from: ‘igraph’
All declared Imports should be used.
Flavors: r-devel-linux-x86_64-fedora-clang, r-devel-linux-x86_64-fedora-gcc, r-release-macos-arm64, r-release-macos-x86_64, r-oldrel-macos-arm64, r-oldrel-macos-x86_64