Last updated on 2022-08-15 08:49:58 CEST.
Flavor | Version | Tinstall | Tcheck | Ttotal | Status | Flags |
---|---|---|---|---|---|---|
r-devel-linux-x86_64-debian-clang | 1.0.0 | 3.07 | 35.77 | 38.84 | NOTE | |
r-devel-linux-x86_64-debian-gcc | 1.0.0 | 3.14 | 27.76 | 30.90 | NOTE | |
r-devel-linux-x86_64-fedora-clang | 1.0.0 | 59.71 | NOTE | |||
r-devel-linux-x86_64-fedora-gcc | 1.0.0 | 58.68 | NOTE | |||
r-devel-windows-x86_64 | 1.0.0 | 16.00 | 60.00 | 76.00 | NOTE | |
r-patched-linux-x86_64 | 1.0.0 | 3.57 | 33.94 | 37.51 | NOTE | |
r-release-linux-x86_64 | 1.0.0 | 4.83 | 33.54 | 38.37 | NOTE | |
r-release-macos-arm64 | 1.0.0 | 17.00 | NOTE | |||
r-release-macos-x86_64 | 1.0.0 | 27.00 | NOTE | |||
r-release-windows-x86_64 | 1.0.0 | 56.00 | 60.00 | 116.00 | NOTE | |
r-oldrel-macos-arm64 | 1.0.0 | 23.00 | NOTE | |||
r-oldrel-macos-x86_64 | 1.0.0 | 33.00 | NOTE | |||
r-oldrel-windows-ix86+x86_64 | 1.0.0 | 10.00 | 56.00 | 66.00 | NOTE |
Version: 1.0.0
Check: LazyData
Result: NOTE
'LazyData' is specified without a 'data' directory
Flavors: r-devel-linux-x86_64-debian-clang, r-devel-linux-x86_64-debian-gcc, r-devel-linux-x86_64-fedora-clang, r-devel-linux-x86_64-fedora-gcc, r-devel-windows-x86_64, r-patched-linux-x86_64, r-release-linux-x86_64, r-release-macos-arm64, r-release-macos-x86_64, r-release-windows-x86_64, r-oldrel-macos-arm64, r-oldrel-macos-x86_64, r-oldrel-windows-ix86+x86_64