Last updated on 2022-08-15 08:49:58 CEST.
Flavor | Version | Tinstall | Tcheck | Ttotal | Status | Flags |
---|---|---|---|---|---|---|
r-devel-linux-x86_64-debian-clang | 7.3.0 | 26.43 | 371.81 | 398.24 | OK | |
r-devel-linux-x86_64-debian-gcc | 7.3.0 | 20.17 | 260.24 | 280.41 | OK | |
r-devel-linux-x86_64-fedora-clang | 7.3.0 | 461.92 | OK | |||
r-devel-linux-x86_64-fedora-gcc | 7.3.0 | 456.52 | OK | |||
r-devel-windows-x86_64 | 7.3.0 | 51.00 | 396.00 | 447.00 | OK | |
r-patched-linux-x86_64 | 7.3.0 | 23.36 | 345.83 | 369.19 | OK | |
r-release-linux-x86_64 | 7.3.0 | 20.26 | 348.76 | 369.02 | OK | |
r-release-macos-arm64 | 7.3.0 | 138.00 | NOTE | |||
r-release-macos-x86_64 | 7.3.0 | 163.00 | NOTE | |||
r-release-windows-x86_64 | 7.3.0 | 58.00 | 401.00 | 459.00 | OK | |
r-oldrel-macos-arm64 | 7.3.0 | 140.00 | NOTE | |||
r-oldrel-macos-x86_64 | 7.3.0 | 162.00 | NOTE | |||
r-oldrel-windows-ix86+x86_64 | 7.3.0 | 49.00 | 463.00 | 512.00 | OK |
Version: 7.3.0
Check: package dependencies
Result: NOTE
Package suggested but not available for checking: ‘Rmpi’
Flavors: r-release-macos-arm64, r-release-macos-x86_64, r-oldrel-macos-arm64, r-oldrel-macos-x86_64