Last updated on 2022-08-15 08:49:58 CEST.
Flavor | Version | Tinstall | Tcheck | Ttotal | Status | Flags |
---|---|---|---|---|---|---|
r-devel-linux-x86_64-debian-clang | 0.1.0 | 2.97 | 41.85 | 44.82 | OK | |
r-devel-linux-x86_64-debian-gcc | 0.1.0 | 3.50 | 33.05 | 36.55 | OK | |
r-devel-linux-x86_64-fedora-clang | 0.1.0 | 69.70 | NOTE | |||
r-devel-linux-x86_64-fedora-gcc | 0.1.0 | 67.51 | NOTE | |||
r-devel-windows-x86_64 | 0.1.0 | 17.00 | 75.00 | 92.00 | OK | |
r-patched-linux-x86_64 | 0.1.0 | 4.99 | 41.27 | 46.26 | OK | |
r-release-linux-x86_64 | 0.1.0 | 3.48 | 41.65 | 45.13 | OK | |
r-release-macos-arm64 | 0.1.0 | 23.00 | NOTE | |||
r-release-macos-x86_64 | 0.1.0 | 29.00 | NOTE | |||
r-release-windows-x86_64 | 0.1.0 | 19.00 | 74.00 | 93.00 | OK | |
r-oldrel-macos-arm64 | 0.1.0 | 29.00 | NOTE | |||
r-oldrel-macos-x86_64 | 0.1.0 | 39.00 | NOTE | |||
r-oldrel-windows-ix86+x86_64 | 0.1.0 | 10.00 | 70.00 | 80.00 | OK |
Version: 0.1.0
Check: dependencies in R code
Result: NOTE
Namespaces in Imports field not imported from:
‘MASS’ ‘Matrix’
All declared Imports should be used.
Flavors: r-devel-linux-x86_64-fedora-clang, r-devel-linux-x86_64-fedora-gcc, r-release-macos-arm64, r-release-macos-x86_64, r-oldrel-macos-arm64, r-oldrel-macos-x86_64