Last updated on 2022-08-15 08:49:58 CEST.
Flavor | Version | Tinstall | Tcheck | Ttotal | Status | Flags |
---|---|---|---|---|---|---|
r-devel-linux-x86_64-debian-clang | 0.1.0 | 2.20 | 24.79 | 26.99 | OK | |
r-devel-linux-x86_64-debian-gcc | 0.1.0 | 1.81 | 19.03 | 20.84 | OK | |
r-devel-linux-x86_64-fedora-clang | 0.1.0 | 44.30 | NOTE | |||
r-devel-linux-x86_64-fedora-gcc | 0.1.0 | 42.91 | NOTE | |||
r-devel-windows-x86_64 | 0.1.0 | 11.00 | 54.00 | 65.00 | OK | |
r-patched-linux-x86_64 | 0.1.0 | 2.10 | 23.61 | 25.71 | OK | |
r-release-linux-x86_64 | 0.1.0 | 2.47 | 24.16 | 26.63 | OK | |
r-release-macos-arm64 | 0.1.0 | 17.00 | NOTE | |||
r-release-macos-x86_64 | 0.1.0 | 27.00 | NOTE | |||
r-release-windows-x86_64 | 0.1.0 | 17.00 | 54.00 | 71.00 | OK | |
r-oldrel-macos-arm64 | 0.1.0 | 16.00 | NOTE | |||
r-oldrel-macos-x86_64 | 0.1.0 | 23.00 | NOTE | |||
r-oldrel-windows-ix86+x86_64 | 0.1.0 | 6.00 | 43.00 | 49.00 | OK |
Version: 0.1.0
Check: dependencies in R code
Result: NOTE
Namespace in Imports field not imported from: ‘RiskPortfolios’
All declared Imports should be used.
Flavors: r-devel-linux-x86_64-fedora-clang, r-devel-linux-x86_64-fedora-gcc, r-release-macos-arm64, r-release-macos-x86_64, r-oldrel-macos-arm64, r-oldrel-macos-x86_64