Last updated on 2022-08-15 08:49:58 CEST.
Flavor | Version | Tinstall | Tcheck | Ttotal | Status | Flags |
---|---|---|---|---|---|---|
r-devel-linux-x86_64-debian-clang | 0.8-7 | 2.62 | 57.02 | 59.64 | NOTE | |
r-devel-linux-x86_64-debian-gcc | 0.8-7 | 2.37 | 42.64 | 45.01 | NOTE | |
r-devel-linux-x86_64-fedora-clang | 0.8-7 | 80.02 | NOTE | |||
r-devel-linux-x86_64-fedora-gcc | 0.8-7 | 82.61 | NOTE | |||
r-devel-windows-x86_64 | 0.8-7 | 45.00 | 94.00 | 139.00 | NOTE | |
r-patched-linux-x86_64 | 0.8-7 | 3.96 | 53.14 | 57.10 | OK | |
r-release-linux-x86_64 | 0.8-7 | 2.46 | 53.30 | 55.76 | OK | |
r-release-macos-arm64 | 0.8-7 | 23.00 | OK | |||
r-release-macos-x86_64 | 0.8-7 | 34.00 | OK | |||
r-release-windows-x86_64 | 0.8-7 | 49.00 | 92.00 | 141.00 | OK | |
r-oldrel-macos-arm64 | 0.8-7 | 32.00 | OK | |||
r-oldrel-macos-x86_64 | 0.8-7 | 49.00 | OK | |||
r-oldrel-windows-ix86+x86_64 | 0.8-7 | 8.00 | 88.00 | 96.00 | OK |
Version: 0.8-7
Check: Rd files
Result: NOTE
checkRd: (-1) Snow.Rd:118: Escaped LaTeX specials: \&
checkRd: (-1) Snow.Rd:142: Escaped LaTeX specials: \&
checkRd: (-1) Yeast.Rd:56: Escaped LaTeX specials: \&
Flavors: r-devel-linux-x86_64-debian-clang, r-devel-linux-x86_64-debian-gcc, r-devel-linux-x86_64-fedora-clang, r-devel-linux-x86_64-fedora-gcc, r-devel-windows-x86_64
Version: 0.8-7
Check: Rd cross-references
Result: NOTE
Undeclared packages ‘Guerry’, ‘alr4’, ‘agridat’, ‘coin’ in Rd xrefs
Flavor: r-devel-linux-x86_64-fedora-clang