Last updated on 2022-08-15 08:49:58 CEST.
Flavor | Version | Tinstall | Tcheck | Ttotal | Status | Flags |
---|---|---|---|---|---|---|
r-devel-linux-x86_64-debian-clang | 0.6-4 | 5.95 | 68.04 | 73.99 | NOTE | |
r-devel-linux-x86_64-debian-gcc | 0.6-4 | 5.38 | 51.01 | 56.39 | NOTE | |
r-devel-linux-x86_64-fedora-clang | 0.6-4 | 98.69 | NOTE | |||
r-devel-linux-x86_64-fedora-gcc | 0.6-4 | 97.76 | NOTE | |||
r-devel-windows-x86_64 | 0.6-4 | 93.00 | 95.00 | 188.00 | NOTE | |
r-patched-linux-x86_64 | 0.6-4 | 8.53 | 64.14 | 72.67 | OK | |
r-release-linux-x86_64 | 0.6-4 | 6.54 | 64.97 | 71.51 | OK | |
r-release-macos-arm64 | 0.6-4 | 27.00 | OK | |||
r-release-macos-x86_64 | 0.6-4 | 42.00 | OK | |||
r-release-windows-x86_64 | 0.6-4 | 229.00 | 94.00 | 323.00 | OK | |
r-oldrel-macos-arm64 | 0.6-4 | 32.00 | OK | |||
r-oldrel-macos-x86_64 | 0.6-4 | 42.00 | OK | |||
r-oldrel-windows-ix86+x86_64 | 0.6-4 | 12.00 | 84.00 | 96.00 | OK |
Version: 0.6-4
Check: Rd files
Result: NOTE
checkRd: (-1) SandP500.Rd:4: Escaped LaTeX specials: \&
checkRd: (-1) SandP500.Rd:7: Escaped LaTeX specials: \&
Flavors: r-devel-linux-x86_64-debian-clang, r-devel-linux-x86_64-debian-gcc, r-devel-linux-x86_64-fedora-clang, r-devel-linux-x86_64-fedora-gcc, r-devel-windows-x86_64