Last updated on 2022-08-15 08:49:58 CEST.
Flavor | Version | Tinstall | Tcheck | Ttotal | Status | Flags |
---|---|---|---|---|---|---|
r-devel-linux-x86_64-debian-clang | 2.3.10 | 57.12 | 1054.37 | 1111.49 | OK | |
r-devel-linux-x86_64-debian-gcc | 2.3.10 | 46.46 | 687.56 | 734.02 | OK | |
r-devel-linux-x86_64-fedora-clang | 2.3.10 | 1179.91 | OK | |||
r-devel-linux-x86_64-fedora-gcc | 2.3.10 | 1141.54 | OK | |||
r-devel-windows-x86_64 | 2.3.10 | 145.00 | 807.00 | 952.00 | OK | |
r-patched-linux-x86_64 | 2.3.10 | 60.39 | 862.16 | 922.55 | OK | |
r-release-linux-x86_64 | 2.3.10 | 38.11 | 861.04 | 899.15 | OK | |
r-release-macos-arm64 | 2.3.10 | 164.00 | NOTE | |||
r-release-macos-x86_64 | 2.3.10 | 277.00 | NOTE | |||
r-release-windows-x86_64 | 2.3.10 | 160.00 | 799.00 | 959.00 | OK | |
r-oldrel-macos-arm64 | 2.3.10 | 371.00 | NOTE | |||
r-oldrel-macos-x86_64 | 2.3.10 | 241.00 | NOTE | |||
r-oldrel-windows-ix86+x86_64 | 2.3.10 | 111.00 | 879.00 | 990.00 | OK |
Version: 2.3.10
Check: package dependencies
Result: NOTE
Packages suggested but not available for checking:
'BSgenome.Hsapiens.1000genomes.hs37d5',
'BSgenome.Hsapiens.UCSC.hg38', 'BSgenome.Mmusculus.UCSC.mm10'
Flavors: r-release-macos-arm64, r-release-macos-x86_64, r-oldrel-macos-x86_64
Version: 2.3.10
Check: package dependencies
Result: NOTE
Package suggested but not available for checking: ‘BSgenome.Mmusculus.UCSC.mm10’
Flavor: r-oldrel-macos-arm64