Last updated on 2022-08-15 08:49:58 CEST.
Flavor | Version | Tinstall | Tcheck | Ttotal | Status | Flags |
---|---|---|---|---|---|---|
r-devel-linux-x86_64-debian-clang | 1.2.4 | 40.48 | 202.14 | 242.62 | OK | |
r-devel-linux-x86_64-debian-gcc | 1.2.4 | 41.21 | 149.95 | 191.16 | OK | |
r-devel-linux-x86_64-fedora-clang | 1.2.4 | 316.16 | NOTE | |||
r-devel-linux-x86_64-fedora-gcc | 1.2.4 | 315.17 | NOTE | |||
r-devel-windows-x86_64 | 1.2.4 | 53.00 | 221.00 | 274.00 | OK | |
r-patched-linux-x86_64 | 1.2.4 | 41.65 | 194.54 | 236.19 | OK | |
r-release-linux-x86_64 | 1.2.4 | 40.62 | 196.78 | 237.40 | OK | |
r-release-macos-arm64 | 1.2.4 | 104.00 | NOTE | |||
r-release-macos-x86_64 | 1.2.4 | 170.00 | NOTE | |||
r-release-windows-x86_64 | 1.2.4 | 47.00 | 217.00 | 264.00 | OK | |
r-oldrel-macos-arm64 | 1.2.4 | 92.00 | NOTE | |||
r-oldrel-macos-x86_64 | 1.2.4 | 116.00 | NOTE | |||
r-oldrel-windows-ix86+x86_64 | 1.2.4 | 66.00 | 236.00 | 302.00 | OK |
Version: 1.2.4
Check: data for non-ASCII characters
Result: NOTE
Note: found 329984 marked UTF-8 strings
Flavors: r-devel-linux-x86_64-fedora-clang, r-devel-linux-x86_64-fedora-gcc, r-release-macos-arm64, r-release-macos-x86_64, r-oldrel-macos-arm64, r-oldrel-macos-x86_64