Last updated on 2022-08-15 08:49:58 CEST.
Flavor | Version | Tinstall | Tcheck | Ttotal | Status | Flags |
---|---|---|---|---|---|---|
r-devel-linux-x86_64-debian-clang | 0.4.1 | 4.15 | 34.54 | 38.69 | NOTE | |
r-devel-linux-x86_64-debian-gcc | 0.4.1 | 2.99 | 26.12 | 29.11 | NOTE | |
r-devel-linux-x86_64-fedora-clang | 0.4.1 | 55.42 | NOTE | |||
r-devel-linux-x86_64-fedora-gcc | 0.4.1 | 54.63 | NOTE | |||
r-devel-windows-x86_64 | 0.4.1 | 15.00 | 56.00 | 71.00 | NOTE | |
r-patched-linux-x86_64 | 0.4.1 | 4.15 | 32.27 | 36.42 | OK | |
r-release-linux-x86_64 | 0.4.1 | 3.06 | 32.31 | 35.37 | OK | |
r-release-macos-arm64 | 0.4.1 | 20.00 | OK | |||
r-release-macos-x86_64 | 0.4.1 | 26.00 | OK | |||
r-release-windows-x86_64 | 0.4.1 | 17.00 | 58.00 | 75.00 | OK | |
r-oldrel-macos-arm64 | 0.4.1 | 24.00 | OK | |||
r-oldrel-macos-x86_64 | 0.4.1 | 26.00 | OK | |||
r-oldrel-windows-ix86+x86_64 | 0.4.1 | 7.00 | 52.00 | 59.00 | OK |
Version: 0.4.1
Check: Rd files
Result: NOTE
checkRd: (-1) dmahal.Rd:18: Escaped LaTeX specials: \~
Flavors: r-devel-linux-x86_64-debian-clang, r-devel-linux-x86_64-debian-gcc, r-devel-linux-x86_64-fedora-clang, r-devel-linux-x86_64-fedora-gcc, r-devel-windows-x86_64