Last updated on 2022-08-15 08:49:58 CEST.
Flavor | Version | Tinstall | Tcheck | Ttotal | Status | Flags |
---|---|---|---|---|---|---|
r-devel-linux-x86_64-debian-clang | 0.5.1 | 8.31 | 104.73 | 113.04 | NOTE | |
r-devel-linux-x86_64-debian-gcc | 0.5.1 | 7.39 | 77.89 | 85.28 | NOTE | |
r-devel-linux-x86_64-fedora-clang | 0.5.1 | 145.62 | NOTE | |||
r-devel-linux-x86_64-fedora-gcc | 0.5.1 | 144.91 | NOTE | |||
r-devel-windows-x86_64 | 0.5.1 | 20.00 | 120.00 | 140.00 | NOTE | |
r-patched-linux-x86_64 | 0.5.1 | 9.65 | 99.25 | 108.90 | NOTE | |
r-release-linux-x86_64 | 0.5.1 | 8.70 | 97.48 | 106.18 | NOTE | |
r-release-macos-arm64 | 0.5.1 | 51.00 | NOTE | |||
r-release-macos-x86_64 | 0.5.1 | 80.00 | NOTE | |||
r-release-windows-x86_64 | 0.5.1 | 16.00 | 123.00 | 139.00 | NOTE | |
r-oldrel-macos-arm64 | 0.5.1 | 53.00 | NOTE | |||
r-oldrel-macos-x86_64 | 0.5.1 | 78.00 | NOTE | |||
r-oldrel-windows-ix86+x86_64 | 0.5.1 | 24.00 | 123.00 | 147.00 | NOTE |
Version: 0.5.1
Check: LazyData
Result: NOTE
'LazyData' is specified without a 'data' directory
Flavors: r-devel-linux-x86_64-debian-clang, r-devel-linux-x86_64-debian-gcc, r-devel-linux-x86_64-fedora-clang, r-devel-linux-x86_64-fedora-gcc, r-devel-windows-x86_64, r-patched-linux-x86_64, r-release-linux-x86_64, r-release-macos-arm64, r-release-macos-x86_64, r-release-windows-x86_64, r-oldrel-macos-arm64, r-oldrel-macos-x86_64, r-oldrel-windows-ix86+x86_64
Version: 0.5.1
Check: package dependencies
Result: NOTE
Package suggested but not available for checking: ‘LTRCtrees’
Flavors: r-release-macos-arm64, r-oldrel-macos-arm64
Version: 0.5.1
Check: Rd cross-references
Result: NOTE
Package unavailable to check Rd xrefs: ‘LTRCtrees’
Flavors: r-release-macos-arm64, r-oldrel-macos-arm64