Last updated on 2022-08-15 08:49:58 CEST.
Flavor | Version | Tinstall | Tcheck | Ttotal | Status | Flags |
---|---|---|---|---|---|---|
r-devel-linux-x86_64-debian-clang | 0.3-5 | 47.24 | 215.57 | 262.81 | OK | |
r-devel-linux-x86_64-debian-gcc | 0.3-5 | 39.17 | 154.27 | 193.44 | OK | |
r-devel-linux-x86_64-fedora-clang | 0.3-5 | 328.37 | OK | |||
r-devel-linux-x86_64-fedora-gcc | 0.3-5 | 324.86 | OK | |||
r-devel-windows-x86_64 | 0.3-5 | 57.00 | 249.00 | 306.00 | OK | |
r-patched-linux-x86_64 | 0.3-5 | 50.72 | 195.35 | 246.07 | OK | |
r-release-linux-x86_64 | 0.3-5 | 43.75 | 192.74 | 236.49 | OK | |
r-release-macos-arm64 | 0.3-5 | 99.00 | NOTE | |||
r-release-macos-x86_64 | 0.3-5 | 114.00 | NOTE | |||
r-release-windows-x86_64 | 0.3-5 | 58.00 | 244.00 | 302.00 | OK | |
r-oldrel-macos-arm64 | 0.3-5 | 90.00 | NOTE | |||
r-oldrel-macos-x86_64 | 0.3-5 | 119.00 | NOTE | |||
r-oldrel-windows-ix86+x86_64 | 0.3-5 | 116.00 | 345.00 | 461.00 | OK |
Version: 0.3-5
Check: installed package size
Result: NOTE
installed size is 5.6Mb
sub-directories of 1Mb or more:
doc 2.5Mb
libs 2.8Mb
Flavors: r-release-macos-arm64, r-release-macos-x86_64, r-oldrel-macos-arm64, r-oldrel-macos-x86_64